Last updated on 2024-05-21 15:50:15 CEST.
Flavor | Version | Tinstall | Tcheck | Ttotal | Status | Flags |
---|---|---|---|---|---|---|
r-devel-linux-x86_64-debian-clang | 1.0.2 | 116.32 | 256.22 | 372.54 | OK | |
r-devel-linux-x86_64-debian-gcc | 1.0.2 | 78.62 | 183.52 | 262.14 | OK | |
r-devel-linux-x86_64-fedora-clang | 1.0.2 | 472.10 | NOTE | |||
r-devel-linux-x86_64-fedora-gcc | 1.0.2 | 472.54 | OK | |||
r-devel-windows-x86_64 | 1.0.2 | 82.00 | 209.00 | 291.00 | NOTE | |
r-patched-linux-x86_64 | 1.0.2 | 93.66 | 239.97 | 333.63 | OK | |
r-release-linux-x86_64 | 1.0.2 | 93.17 | 244.83 | 338.00 | OK | |
r-release-macos-arm64 | 1.0.2 | 5.00 | ERROR | |||
r-release-macos-x86_64 | 1.0.2 | 7.00 | ERROR | |||
r-release-windows-x86_64 | 1.0.2 | 81.00 | 208.00 | 289.00 | NOTE | |
r-oldrel-macos-arm64 | 1.0.2 | 10.00 | ERROR | |||
r-oldrel-macos-x86_64 | 1.0.2 | 15.00 | ERROR | |||
r-oldrel-windows-x86_64 | 1.0.2 | 106.00 | 256.00 | 362.00 | NOTE |
Version: 1.0.2
Check: installed package size
Result: NOTE
installed size is 5.1Mb
sub-directories of 1Mb or more:
doc 1.2Mb
extdata 3.3Mb
Flavors: r-devel-linux-x86_64-fedora-clang, r-devel-windows-x86_64, r-release-windows-x86_64, r-oldrel-windows-x86_64
Version: 1.0.2
Check: package dependencies
Result: ERROR
Package required but not available: ‘mixAK’
See section ‘The DESCRIPTION file’ in the ‘Writing R Extensions’
manual.
Flavors: r-release-macos-arm64, r-release-macos-x86_64, r-oldrel-macos-arm64, r-oldrel-macos-x86_64