Last updated on 2024-05-07 03:59:26 CEST.
Flavor | Version | Tinstall | Tcheck | Ttotal | Status | Flags |
---|---|---|---|---|---|---|
r-devel-linux-x86_64-debian-clang | 1.6.1 | 19.97 | 162.10 | 182.07 | OK | |
r-devel-linux-x86_64-debian-gcc | 1.6.1 | 14.30 | 116.29 | 130.59 | OK | |
r-devel-linux-x86_64-fedora-clang | 1.6.1 | 243.37 | OK | |||
r-devel-linux-x86_64-fedora-gcc | 1.6.1 | 323.28 | OK | |||
r-devel-windows-x86_64 | 1.6.1 | 17.00 | 125.00 | 142.00 | OK | |
r-patched-linux-x86_64 | 1.6.1 | 17.37 | 155.79 | 173.16 | OK | |
r-release-linux-x86_64 | 1.6.1 | 15.98 | 153.60 | 169.58 | OK | |
r-release-macos-arm64 | 1.6.1 | 57.00 | OK | |||
r-release-macos-x86_64 | 1.6.1 | 121.00 | NOTE | |||
r-release-windows-x86_64 | 1.6.1 | 18.00 | 141.00 | 159.00 | OK | |
r-oldrel-macos-arm64 | 1.6.1 | 58.00 | OK | |||
r-oldrel-macos-x86_64 | 1.6.1 | 107.00 | OK | |||
r-oldrel-windows-x86_64 | 1.6.1 | 22.00 | 158.00 | 180.00 | OK |
Version: 1.6.1
Check: package dependencies
Result: NOTE
Package suggested but not available for checking: ‘qtlnet’
Flavor: r-release-macos-x86_64