Last updated on 2024-05-05 15:53:39 CEST.
Flavor | Version | Tinstall | Tcheck | Ttotal | Status | Flags |
---|---|---|---|---|---|---|
r-devel-linux-x86_64-debian-clang | 0.2.0 | 8.90 | 54.86 | 63.76 | NOTE | |
r-devel-linux-x86_64-debian-gcc | 0.2.0 | 7.15 | 41.12 | 48.27 | NOTE | |
r-devel-linux-x86_64-fedora-clang | 0.2.0 | 78.22 | NOTE | |||
r-devel-linux-x86_64-fedora-gcc | 0.2.0 | 70.39 | NOTE | |||
r-devel-windows-x86_64 | 0.2.0 | 8.00 | 65.00 | 73.00 | NOTE | |
r-patched-linux-x86_64 | 0.2.0 | 13.72 | 53.42 | 67.14 | NOTE | |
r-release-linux-x86_64 | 0.2.0 | 5.91 | 52.17 | 58.08 | NOTE | |
r-release-macos-arm64 | 0.2.0 | 27.00 | NOTE | |||
r-release-windows-x86_64 | 0.2.0 | 10.00 | 64.00 | 74.00 | NOTE | |
r-oldrel-macos-arm64 | 0.2.0 | 26.00 | NOTE | |||
r-oldrel-macos-x86_64 | 0.2.0 | 37.00 | NOTE | |||
r-oldrel-windows-x86_64 | 0.2.0 | 12.00 | 68.00 | 80.00 | NOTE |
Version: 0.2.0
Check: LazyData
Result: NOTE
'LazyData' is specified without a 'data' directory
Flavors: r-devel-linux-x86_64-debian-clang, r-devel-linux-x86_64-debian-gcc, r-devel-linux-x86_64-fedora-clang, r-devel-linux-x86_64-fedora-gcc, r-devel-windows-x86_64, r-patched-linux-x86_64, r-release-linux-x86_64, r-release-macos-arm64, r-release-windows-x86_64, r-oldrel-macos-arm64, r-oldrel-macos-x86_64, r-oldrel-windows-x86_64
Version: 0.2.0
Check: dependencies in R code
Result: NOTE
Namespaces in Imports field not imported from:
‘htmltools’ ‘shinydashboard’
All declared Imports should be used.
Flavors: r-devel-linux-x86_64-fedora-clang, r-devel-linux-x86_64-fedora-gcc