Last updated on 2024-05-07 03:59:30 CEST.
Flavor | Version | Tinstall | Tcheck | Ttotal | Status | Flags |
---|---|---|---|---|---|---|
r-devel-linux-x86_64-debian-clang | 3.4 | 166.60 | 346.31 | 512.91 | OK | |
r-devel-linux-x86_64-debian-gcc | 3.4 | 125.46 | 244.90 | 370.36 | OK | |
r-devel-linux-x86_64-fedora-clang | 3.4 | 712.97 | OK | |||
r-devel-linux-x86_64-fedora-gcc | 3.4 | 665.71 | OK | |||
r-devel-windows-x86_64 | 3.4 | 129.00 | 251.00 | 380.00 | OK | |
r-patched-linux-x86_64 | 3.4 | 171.24 | 320.77 | 492.01 | OK | |
r-release-linux-x86_64 | 3.4 | 154.77 | 327.51 | 482.28 | OK | |
r-release-macos-arm64 | 3.4 | 152.00 | NOTE | |||
r-release-macos-x86_64 | 3.4 | 372.00 | NOTE | |||
r-release-windows-x86_64 | 3.4 | 125.00 | 248.00 | 373.00 | OK | |
r-oldrel-macos-arm64 | 3.4 | 163.00 | NOTE | |||
r-oldrel-macos-x86_64 | 3.4 | 364.00 | NOTE | |||
r-oldrel-windows-x86_64 | 3.4 | 160.00 | 323.00 | 483.00 | OK |
Version: 3.4
Check: installed package size
Result: NOTE
installed size is 9.6Mb
sub-directories of 1Mb or more:
data 1.6Mb
libs 7.7Mb
Flavors: r-release-macos-arm64, r-release-macos-x86_64, r-oldrel-macos-arm64, r-oldrel-macos-x86_64