Last updated on 2024-05-02 15:50:58 CEST.
Flavor | Version | Tinstall | Tcheck | Ttotal | Status | Flags |
---|---|---|---|---|---|---|
r-devel-linux-x86_64-debian-clang | 3.3.3 | 32.02 | 58.22 | 90.24 | NOTE | |
r-devel-linux-x86_64-debian-gcc | 3.3.3 | 22.21 | 43.42 | 65.63 | NOTE | |
r-devel-linux-x86_64-fedora-clang | 3.3.3 | 126.27 | NOTE | |||
r-devel-linux-x86_64-fedora-gcc | 3.3.3 | 114.20 | NOTE | |||
r-devel-windows-x86_64 | 3.3.3 | 27.00 | 81.00 | 108.00 | NOTE | |
r-patched-linux-x86_64 | 3.3.3 | 31.78 | 54.77 | 86.55 | NOTE | |
r-release-linux-x86_64 | 3.3.3 | 28.19 | 53.76 | 81.95 | NOTE | |
r-release-macos-arm64 | 3.3.3 | 36.00 | NOTE | |||
r-release-windows-x86_64 | 3.3.3 | 28.00 | 78.00 | 106.00 | NOTE | |
r-oldrel-macos-arm64 | 3.3.3 | 39.00 | NOTE | |||
r-oldrel-macos-x86_64 | 3.3.3 | 59.00 | NOTE | |||
r-oldrel-windows-x86_64 | 3.3.3 | 34.00 | 96.00 | 130.00 | NOTE |
Version: 3.3.3
Check: C++ specification
Result: NOTE
Specified C++14: please drop specification unless essential
Flavors: r-devel-linux-x86_64-debian-clang, r-devel-linux-x86_64-debian-gcc, r-devel-linux-x86_64-fedora-clang, r-devel-linux-x86_64-fedora-gcc, r-devel-windows-x86_64, r-patched-linux-x86_64, r-release-linux-x86_64, r-release-macos-arm64, r-release-windows-x86_64, r-oldrel-macos-arm64, r-oldrel-macos-x86_64, r-oldrel-windows-x86_64