Last updated on 2024-05-05 03:56:51 CEST.
Flavor | Version | Tinstall | Tcheck | Ttotal | Status | Flags |
---|---|---|---|---|---|---|
r-devel-linux-x86_64-debian-clang | 1.0.2 | 58.92 | 30.63 | 89.55 | OK | |
r-devel-linux-x86_64-debian-gcc | 1.0.2 | 37.67 | 22.82 | 60.49 | OK | |
r-devel-linux-x86_64-fedora-clang | 1.0.2 | 108.59 | NOTE | |||
r-devel-linux-x86_64-fedora-gcc | 1.0.2 | 112.86 | NOTE | |||
r-devel-windows-x86_64 | 1.0.2 | 37.00 | 73.00 | 110.00 | OK | |
r-patched-linux-x86_64 | 1.0.2 | 48.12 | 28.03 | 76.15 | OK | |
r-release-linux-x86_64 | 1.0.2 | 47.00 | 29.23 | 76.23 | OK | |
r-release-macos-arm64 | 1.0.2 | 30.00 | OK | |||
r-release-windows-x86_64 | 1.0.2 | 39.00 | 71.00 | 110.00 | OK | |
r-oldrel-macos-arm64 | 1.0.2 | 35.00 | OK | |||
r-oldrel-macos-x86_64 | 1.0.2 | 54.00 | OK | |||
r-oldrel-windows-x86_64 | 1.0.2 | 47.00 | 75.00 | 122.00 | OK |
Version: 1.0.2
Check: compiled code
Result: NOTE
File ‘GEEaSPU/libs/GEEaSPU.so’:
Found no calls to: ‘R_registerRoutines’, ‘R_useDynamicSymbols’
It is good practice to register native routines and to disable symbol
search.
See ‘Writing portable packages’ in the ‘Writing R Extensions’ manual.
Flavors: r-devel-linux-x86_64-fedora-clang, r-devel-linux-x86_64-fedora-gcc