Last updated on 2024-05-07 03:59:32 CEST.
Flavor | Version | Tinstall | Tcheck | Ttotal | Status | Flags |
---|---|---|---|---|---|---|
r-devel-linux-x86_64-debian-clang | 3.0-9 | 37.37 | 327.07 | 364.44 | OK | |
r-devel-linux-x86_64-debian-gcc | 3.0-9 | 28.55 | 222.35 | 250.90 | OK | |
r-devel-linux-x86_64-fedora-clang | 3.1-0 | 467.76 | NOTE | |||
r-devel-linux-x86_64-fedora-gcc | 3.1-0 | 470.37 | OK | |||
r-devel-windows-x86_64 | 3.0-9 | 29.00 | 303.00 | 332.00 | NOTE | |
r-patched-linux-x86_64 | 3.0-9 | 23.17 | 303.90 | 327.07 | OK | |
r-release-linux-x86_64 | 3.0-9 | 25.12 | 296.94 | 322.06 | OK | |
r-release-macos-arm64 | 3.1-0 | 162.00 | NOTE | |||
r-release-macos-x86_64 | 3.1-0 | 374.00 | NOTE | |||
r-release-windows-x86_64 | 3.1-0 | 26.00 | 300.00 | 326.00 | NOTE | |
r-oldrel-macos-arm64 | 3.1-0 | 187.00 | NOTE | |||
r-oldrel-macos-x86_64 | 3.1-0 | 375.00 | NOTE | |||
r-oldrel-windows-x86_64 | 3.0-9 | 40.00 | 350.00 | 390.00 | NOTE |
Version: 3.1-0
Check: installed package size
Result: NOTE
installed size is 14.2Mb
sub-directories of 1Mb or more:
R 1.0Mb
doc 11.6Mb
Flavors: r-devel-linux-x86_64-fedora-clang, r-release-macos-arm64, r-release-macos-x86_64, r-release-windows-x86_64, r-oldrel-macos-arm64, r-oldrel-macos-x86_64
Version: 3.0-9
Check: installed package size
Result: NOTE
installed size is 9.6Mb
sub-directories of 1Mb or more:
doc 7.0Mb
Flavors: r-devel-windows-x86_64, r-oldrel-windows-x86_64