Last updated on 2024-05-21 15:50:24 CEST.
Flavor | Version | Tinstall | Tcheck | Ttotal | Status | Flags |
---|---|---|---|---|---|---|
r-devel-linux-x86_64-debian-clang | 1.3.2 | 21.89 | 201.56 | 223.45 | OK | |
r-devel-linux-x86_64-debian-gcc | 1.3.2 | 15.24 | 151.95 | 167.19 | OK | |
r-devel-linux-x86_64-fedora-clang | 1.3.2 | 267.51 | NOTE | |||
r-devel-linux-x86_64-fedora-gcc | 1.3.2 | 264.79 | OK | |||
r-devel-windows-x86_64 | 1.3.2 | 16.00 | 169.00 | 185.00 | NOTE | |
r-patched-linux-x86_64 | 1.3.2 | 14.80 | 192.13 | 206.93 | OK | |
r-release-linux-x86_64 | 1.3.2 | 14.67 | 191.09 | 205.76 | OK | |
r-release-macos-arm64 | 1.3.2 | 361.00 | NOTE | |||
r-release-macos-x86_64 | 1.3.2 | 493.00 | NOTE | |||
r-release-windows-x86_64 | 1.3.2 | 15.00 | 167.00 | 182.00 | NOTE | |
r-oldrel-macos-arm64 | 1.3.2 | 349.00 | NOTE | |||
r-oldrel-macos-x86_64 | 1.3.2 | 480.00 | NOTE | |||
r-oldrel-windows-x86_64 | 1.3.2 | 20.00 | 208.00 | 228.00 | NOTE |
Version: 1.3.2
Check: installed package size
Result: NOTE
installed size is 6.1Mb
sub-directories of 1Mb or more:
doc 3.4Mb
help 2.5Mb
Flavors: r-devel-linux-x86_64-fedora-clang, r-devel-windows-x86_64, r-release-macos-arm64, r-release-macos-x86_64, r-release-windows-x86_64, r-oldrel-macos-arm64, r-oldrel-macos-x86_64, r-oldrel-windows-x86_64