Last updated on 2024-05-02 15:51:03 CEST.
Flavor | Version | Tinstall | Tcheck | Ttotal | Status | Flags |
---|---|---|---|---|---|---|
r-devel-linux-x86_64-debian-clang | 1.8 | 51.51 | 172.59 | 224.10 | OK | |
r-devel-linux-x86_64-debian-gcc | 1.8 | 36.39 | 124.25 | 160.64 | OK | |
r-devel-linux-x86_64-fedora-clang | 1.8 | 288.86 | NOTE | |||
r-devel-linux-x86_64-fedora-gcc | 1.8 | 305.10 | OK | |||
r-devel-windows-x86_64 | 1.8 | 37.00 | 151.00 | 188.00 | OK | |
r-patched-linux-x86_64 | 1.8 | 48.04 | 164.74 | 212.78 | OK | |
r-release-linux-x86_64 | 1.8 | 43.33 | 166.30 | 209.63 | OK | |
r-release-macos-arm64 | 1.8 | 80.00 | OK | |||
r-release-windows-x86_64 | 1.8 | 39.00 | 155.00 | 194.00 | OK | |
r-oldrel-macos-arm64 | 1.8 | 107.00 | OK | |||
r-oldrel-macos-x86_64 | 1.8 | 181.00 | OK | |||
r-oldrel-windows-x86_64 | 1.8 | 49.00 | 190.00 | 239.00 | OK |
Version: 1.8
Check: Rd cross-references
Result: NOTE
Undeclared package ‘permute’ in Rd xrefs
Flavor: r-devel-linux-x86_64-fedora-clang