Last updated on 2024-05-02 15:51:03 CEST.
Flavor | Version | Tinstall | Tcheck | Ttotal | Status | Flags |
---|---|---|---|---|---|---|
r-devel-linux-x86_64-debian-clang | 1.1.21 | 7.04 | 62.92 | 69.96 | OK | |
r-devel-linux-x86_64-debian-gcc | 1.1.21 | 6.49 | 45.22 | 51.71 | OK | |
r-devel-linux-x86_64-fedora-clang | 1.1.21 | 88.55 | NOTE | |||
r-devel-linux-x86_64-fedora-gcc | 1.1.21 | 84.35 | OK | |||
r-devel-windows-x86_64 | 1.1.21 | 10.00 | 71.00 | 81.00 | OK | |
r-patched-linux-x86_64 | 1.1.21 | 8.55 | 60.77 | 69.32 | OK | |
r-release-linux-x86_64 | 1.1.21 | 7.44 | 59.49 | 66.93 | OK | |
r-release-macos-arm64 | 1.1.21 | 26.00 | OK | |||
r-release-macos-x86_64 | 1.1.21 | 114.00 | OK | |||
r-release-windows-x86_64 | 1.1.21 | 10.00 | 71.00 | 81.00 | OK | |
r-oldrel-macos-arm64 | 1.1.21 | 42.00 | OK | |||
r-oldrel-macos-x86_64 | 1.1.21 | 76.00 | OK | |||
r-oldrel-windows-x86_64 | 1.1.21 | 11.00 | 80.00 | 91.00 | OK |
Version: 1.1.21
Check: Rd cross-references
Result: NOTE
Undeclared packages ‘sfsmisc’, ‘RColorBrewer’, ‘hexbin’ in Rd xrefs
Flavor: r-devel-linux-x86_64-fedora-clang