Last updated on 2024-05-21 15:50:30 CEST.
Flavor | Version | Tinstall | Tcheck | Ttotal | Status | Flags |
---|---|---|---|---|---|---|
r-devel-linux-x86_64-debian-clang | 0.0.31 | 14.60 | 129.55 | 144.15 | NOTE | |
r-devel-linux-x86_64-debian-gcc | 0.0.31 | 13.34 | 95.53 | 108.87 | NOTE | |
r-devel-linux-x86_64-fedora-clang | 0.0.31 | 176.08 | NOTE | |||
r-devel-linux-x86_64-fedora-gcc | 0.0.31 | 166.23 | NOTE | |||
r-devel-windows-x86_64 | 0.0.31 | 15.00 | 104.00 | 119.00 | NOTE | |
r-patched-linux-x86_64 | 0.0.31 | 12.11 | 122.76 | 134.87 | NOTE | |
r-release-linux-x86_64 | 0.0.31 | 10.34 | 118.00 | 128.34 | NOTE | |
r-release-macos-arm64 | 0.0.31 | 58.00 | NOTE | |||
r-release-windows-x86_64 | 0.0.31 | 13.00 | 109.00 | 122.00 | NOTE | |
r-oldrel-macos-arm64 | 0.0.31 | 53.00 | NOTE | |||
r-oldrel-macos-x86_64 | 0.0.31 | 92.00 | NOTE | |||
r-oldrel-windows-x86_64 | 0.0.31 | 18.00 | 127.00 | 145.00 | NOTE |
Version: 0.0.31
Check: LazyData
Result: NOTE
'LazyData' is specified without a 'data' directory
Flavors: r-devel-linux-x86_64-debian-clang, r-devel-linux-x86_64-debian-gcc, r-devel-linux-x86_64-fedora-clang, r-devel-linux-x86_64-fedora-gcc, r-devel-windows-x86_64, r-patched-linux-x86_64, r-release-linux-x86_64, r-release-macos-arm64, r-release-windows-x86_64, r-oldrel-macos-arm64, r-oldrel-macos-x86_64, r-oldrel-windows-x86_64
Version: 0.0.31
Check: dependencies in R code
Result: NOTE
Namespace in Imports field not imported from: ‘ggplot2’
All declared Imports should be used.
Flavors: r-devel-linux-x86_64-fedora-clang, r-devel-linux-x86_64-fedora-gcc