Last updated on 2024-05-21 15:50:32 CEST.
Flavor | Version | Tinstall | Tcheck | Ttotal | Status | Flags |
---|---|---|---|---|---|---|
r-devel-linux-x86_64-debian-clang | 0.13.5 | 313.09 | 144.23 | 457.32 | OK | |
r-devel-linux-x86_64-debian-gcc | 0.13.5 | 207.48 | 99.23 | 306.71 | OK | |
r-devel-linux-x86_64-fedora-clang | 0.13.5 | 666.97 | OK | |||
r-devel-linux-x86_64-fedora-gcc | 0.13.5 | 661.19 | OK | |||
r-devel-windows-x86_64 | 0.13.5 | 236.00 | 142.00 | 378.00 | OK | |
r-patched-linux-x86_64 | 0.13.5 | 253.02 | 131.94 | 384.96 | OK | |
r-release-linux-x86_64 | 0.13.5 | 268.05 | 133.61 | 401.66 | OK | |
r-release-macos-arm64 | 0.13.5 | 112.00 | NOTE | |||
r-release-windows-x86_64 | 0.13.5 | 238.00 | 137.00 | 375.00 | OK | |
r-oldrel-macos-arm64 | 0.13.5 | 93.00 | NOTE | |||
r-oldrel-macos-x86_64 | 0.13.5 | 170.00 | NOTE | |||
r-oldrel-windows-x86_64 | 0.13.5 | 292.00 | 174.00 | 466.00 | OK |
Version: 0.13.5
Check: installed package size
Result: NOTE
installed size is 7.3Mb
sub-directories of 1Mb or more:
libs 6.6Mb
Flavors: r-release-macos-arm64, r-oldrel-macos-arm64, r-oldrel-macos-x86_64