Last updated on 2024-05-21 15:50:34 CEST.
Flavor | Version | Tinstall | Tcheck | Ttotal | Status | Flags |
---|---|---|---|---|---|---|
r-devel-linux-x86_64-debian-clang | 1.0.2 | 11.29 | 102.71 | 114.00 | NOTE | |
r-devel-linux-x86_64-debian-gcc | 1.0.2 | 8.59 | 75.29 | 83.88 | NOTE | |
r-devel-linux-x86_64-fedora-clang | 1.0.2 | 142.35 | NOTE | |||
r-devel-linux-x86_64-fedora-gcc | 1.0.2 | 143.49 | NOTE | |||
r-devel-windows-x86_64 | 1.0.2 | 11.00 | 95.00 | 106.00 | NOTE | |
r-patched-linux-x86_64 | 1.0.2 | 9.81 | 98.02 | 107.83 | NOTE | |
r-release-linux-x86_64 | 1.0.2 | 12.24 | 97.90 | 110.14 | NOTE | |
r-release-macos-arm64 | 1.0.2 | 45.00 | NOTE | |||
r-release-windows-x86_64 | 1.0.2 | 10.00 | 95.00 | 105.00 | NOTE | |
r-oldrel-macos-arm64 | 1.0.2 | 56.00 | NOTE | |||
r-oldrel-macos-x86_64 | 1.0.2 | 82.00 | NOTE | |||
r-oldrel-windows-x86_64 | 1.0.2 | 13.00 | 114.00 | 127.00 | NOTE |
Version: 1.0.2
Check: LazyData
Result: NOTE
'LazyData' is specified without a 'data' directory
Flavors: r-devel-linux-x86_64-debian-clang, r-devel-linux-x86_64-debian-gcc, r-devel-linux-x86_64-fedora-clang, r-devel-linux-x86_64-fedora-gcc, r-devel-windows-x86_64, r-patched-linux-x86_64, r-release-linux-x86_64, r-release-macos-arm64, r-release-windows-x86_64, r-oldrel-macos-arm64, r-oldrel-macos-x86_64, r-oldrel-windows-x86_64