Last updated on 2024-05-21 03:55:29 CEST.
Flavor | Version | Tinstall | Tcheck | Ttotal | Status | Flags |
---|---|---|---|---|---|---|
r-devel-linux-x86_64-debian-clang | 2.3.6 | 175.02 | 86.14 | 261.16 | NOTE | |
r-devel-linux-x86_64-debian-gcc | 2.3.6 | 182.30 | 65.23 | 247.53 | NOTE | |
r-devel-linux-x86_64-fedora-clang | 2.3.6 | 342.31 | NOTE | |||
r-devel-linux-x86_64-fedora-gcc | 2.3.6 | 459.20 | NOTE | |||
r-devel-windows-x86_64 | 2.3.6 | 194.00 | 119.00 | 313.00 | NOTE | |
r-patched-linux-x86_64 | 2.3.6 | 218.02 | 84.90 | 302.92 | OK | |
r-release-linux-x86_64 | 2.3.6 | 218.54 | 82.56 | 301.10 | OK | |
r-release-macos-arm64 | 2.3.6 | 94.00 | NOTE | |||
r-release-macos-x86_64 | 2.3.6 | 231.00 | NOTE | |||
r-release-windows-x86_64 | 2.3.6 | 195.00 | 124.00 | 319.00 | OK | |
r-oldrel-macos-arm64 | 2.3.6 | 107.00 | NOTE | |||
r-oldrel-macos-x86_64 | 2.3.6 | 204.00 | NOTE | |||
r-oldrel-windows-x86_64 | 2.3.6 | 219.00 | 138.00 | 357.00 | OK |
Version: 2.3.6
Check: compiled code
Result: NOTE
File ‘RSQLite/libs/RSQLite.so’:
Found non-API calls to R: ‘SETLENGTH’, ‘SET_TRUELENGTH’
Compiled code should not call non-API entry points in R.
See ‘Writing portable packages’ in the ‘Writing R Extensions’ manual.
Flavors: r-devel-linux-x86_64-debian-clang, r-devel-linux-x86_64-debian-gcc, r-devel-linux-x86_64-fedora-clang, r-devel-linux-x86_64-fedora-gcc
Version: 2.3.6
Check: compiled code
Result: NOTE
File 'RSQLite/libs/x64/RSQLite.dll':
Found non-API calls to R: 'SETLENGTH', 'SET_TRUELENGTH'
Compiled code should not call non-API entry points in R.
See 'Writing portable packages' in the 'Writing R Extensions' manual.
Flavor: r-devel-windows-x86_64
Version: 2.3.6
Check: installed package size
Result: NOTE
installed size is 12.3Mb
sub-directories of 1Mb or more:
libs 11.6Mb
Flavors: r-release-macos-arm64, r-release-macos-x86_64, r-oldrel-macos-arm64, r-oldrel-macos-x86_64