Last updated on 2024-05-21 15:50:38 CEST.
Flavor | Version | Tinstall | Tcheck | Ttotal | Status | Flags |
---|---|---|---|---|---|---|
r-devel-linux-x86_64-debian-clang | 0.16-1 | 205.81 | 79.43 | 285.24 | OK | |
r-devel-linux-x86_64-debian-gcc | 0.16-1 | 181.20 | 67.83 | 249.03 | OK | |
r-devel-linux-x86_64-fedora-clang | 0.16-1 | 365.06 | OK | |||
r-devel-linux-x86_64-fedora-gcc | 0.16-1 | 504.60 | OK | |||
r-devel-windows-x86_64 | 0.16-1 | 157.00 | 108.00 | 265.00 | OK | |
r-patched-linux-x86_64 | 0.16-1 | 231.20 | 87.00 | 318.20 | OK | |
r-release-linux-x86_64 | 0.16-1 | 245.30 | 84.51 | 329.81 | OK | |
r-release-macos-arm64 | 0.16-1 | 100.00 | NOTE | |||
r-release-windows-x86_64 | 0.16-1 | 155.00 | 107.00 | 262.00 | OK | |
r-oldrel-macos-arm64 | 0.16-1 | 115.00 | NOTE | |||
r-oldrel-macos-x86_64 | 0.16-1 | 176.00 | NOTE | |||
r-oldrel-windows-x86_64 | 0.16-1 | 196.00 | 123.00 | 319.00 | OK |
Version: 0.16-1
Check: installed package size
Result: NOTE
installed size is 46.5Mb
sub-directories of 1Mb or more:
libs 45.9Mb
Flavors: r-release-macos-arm64, r-oldrel-macos-arm64, r-oldrel-macos-x86_64