Last updated on 2024-05-21 03:55:27 CEST.
Flavor | Version | Tinstall | Tcheck | Ttotal | Status | Flags |
---|---|---|---|---|---|---|
r-devel-linux-x86_64-debian-clang | 1.2.9 | 561.19 | 689.52 | 1250.71 | OK | |
r-devel-linux-x86_64-debian-gcc | 1.2.9 | 420.29 | 520.52 | 940.81 | OK | |
r-devel-linux-x86_64-fedora-clang | 1.2.9 | 1731.33 | NOTE | |||
r-devel-linux-x86_64-fedora-gcc | 1.2.9 | 1747.45 | OK | |||
r-devel-windows-x86_64 | 1.2.9 | 430.00 | 601.00 | 1031.00 | NOTE | |
r-patched-linux-x86_64 | 1.2.9 | 540.72 | 656.60 | 1197.32 | OK | |
r-release-linux-x86_64 | 1.2.9 | 542.92 | 664.55 | 1207.47 | OK | |
r-release-macos-arm64 | 1.2.9 | 399.00 | NOTE | |||
r-release-windows-x86_64 | 1.2.9 | 427.00 | 609.00 | 1036.00 | NOTE | |
r-oldrel-macos-arm64 | 1.2.9 | 422.00 | NOTE | |||
r-oldrel-macos-x86_64 | 1.2.9 | 333.00 | NOTE | |||
r-oldrel-windows-x86_64 | 1.2.9 | 508.00 | 756.00 | 1264.00 | NOTE |
Version: 1.2.9
Check: installed package size
Result: NOTE
installed size is 10.8Mb
sub-directories of 1Mb or more:
doc 5.3Mb
htmlwidgets 1.8Mb
libs 1.5Mb
Flavors: r-devel-linux-x86_64-fedora-clang, r-devel-windows-x86_64, r-release-macos-arm64, r-release-windows-x86_64, r-oldrel-macos-arm64, r-oldrel-macos-x86_64, r-oldrel-windows-x86_64