Last updated on 2024-05-21 03:55:28 CEST.
Flavor | Version | Tinstall | Tcheck | Ttotal | Status | Flags |
---|---|---|---|---|---|---|
r-devel-linux-x86_64-debian-clang | 1.1 | 24.95 | 53.07 | 78.02 | NOTE | |
r-devel-linux-x86_64-debian-gcc | 1.1 | 18.00 | 43.33 | 61.33 | NOTE | |
r-devel-linux-x86_64-fedora-clang | 1.1 | 105.78 | NOTE | |||
r-devel-linux-x86_64-fedora-gcc | 1.1 | 104.76 | NOTE | |||
r-devel-windows-x86_64 | 1.1 | 23.00 | 101.00 | 124.00 | NOTE | |
r-patched-linux-x86_64 | 1.1 | 21.80 | 55.59 | 77.39 | NOTE | |
r-release-linux-x86_64 | 1.1 | 22.78 | 54.72 | 77.50 | NOTE | |
r-release-macos-arm64 | 1.1 | 29.00 | NOTE | |||
r-release-windows-x86_64 | 1.1 | 22.00 | 121.00 | 143.00 | NOTE | |
r-oldrel-macos-arm64 | 1.1 | 30.00 | NOTE | |||
r-oldrel-macos-x86_64 | 1.1 | 46.00 | NOTE | |||
r-oldrel-windows-x86_64 | 1.1 | 25.00 | 91.00 | 116.00 | NOTE |
Version: 1.1
Check: C++ specification
Result: NOTE
Specified C++11: please drop specification unless essential
Flavors: r-devel-linux-x86_64-debian-clang, r-devel-linux-x86_64-debian-gcc, r-devel-linux-x86_64-fedora-clang, r-devel-linux-x86_64-fedora-gcc, r-devel-windows-x86_64, r-patched-linux-x86_64, r-release-linux-x86_64, r-release-macos-arm64, r-release-windows-x86_64, r-oldrel-macos-arm64, r-oldrel-macos-x86_64, r-oldrel-windows-x86_64