Last updated on 2024-05-11 03:52:06 CEST.
Flavor | Version | Tinstall | Tcheck | Ttotal | Status | Flags |
---|---|---|---|---|---|---|
r-devel-linux-x86_64-debian-clang | 0.3.4.0.0 | 96.01 | 48.92 | 144.93 | OK | |
r-devel-linux-x86_64-debian-gcc | 0.3.4.0.0 | 68.27 | 41.37 | 109.64 | OK | |
r-devel-linux-x86_64-fedora-clang | 0.3.4.0.0 | 166.95 | NOTE | |||
r-devel-linux-x86_64-fedora-gcc | 0.3.4.0.0 | 257.77 | OK | |||
r-devel-windows-x86_64 | 0.3.4.0.0 | 69.00 | 243.00 | 312.00 | NOTE | |
r-patched-linux-x86_64 | 0.3.4.0.0 | 91.57 | 51.08 | 142.65 | OK | |
r-release-linux-x86_64 | 0.3.4.0.0 | 94.40 | 50.66 | 145.06 | OK | |
r-release-macos-arm64 | 0.3.4.0.0 | 89.00 | NOTE | |||
r-release-macos-x86_64 | 0.3.4.0.0 | 307.00 | NOTE | |||
r-release-windows-x86_64 | 0.3.4.0.0 | 72.00 | 221.00 | 293.00 | NOTE | |
r-oldrel-macos-arm64 | 0.3.4.0.0 | 106.00 | NOTE | |||
r-oldrel-macos-x86_64 | 0.3.4.0.0 | 307.00 | NOTE | |||
r-oldrel-windows-x86_64 | 0.3.4.0.0 | 84.00 | 228.00 | 312.00 | NOTE |
Version: 0.3.4.0.0
Check: installed package size
Result: NOTE
installed size is 10.8Mb
sub-directories of 1Mb or more:
include 9.8Mb
Flavors: r-devel-linux-x86_64-fedora-clang, r-devel-windows-x86_64, r-release-macos-arm64, r-release-macos-x86_64, r-release-windows-x86_64, r-oldrel-macos-arm64, r-oldrel-macos-x86_64, r-oldrel-windows-x86_64