Last updated on 2024-05-21 15:50:36 CEST.
Flavor | Version | Tinstall | Tcheck | Ttotal | Status | Flags |
---|---|---|---|---|---|---|
r-devel-linux-x86_64-debian-clang | 1.0.2 | 7.52 | 71.66 | 79.18 | NOTE | |
r-devel-linux-x86_64-debian-gcc | 1.0.2 | 6.32 | 55.80 | 62.12 | NOTE | |
r-devel-linux-x86_64-fedora-clang | 1.0.2 | 105.66 | NOTE | |||
r-devel-linux-x86_64-fedora-gcc | 1.0.2 | 110.44 | NOTE | |||
r-devel-windows-x86_64 | 1.0.2 | 9.00 | 77.00 | 86.00 | NOTE | |
r-patched-linux-x86_64 | 1.0.2 | 4.97 | 71.29 | 76.26 | NOTE | |
r-release-linux-x86_64 | 1.0.2 | 4.80 | 69.20 | 74.00 | NOTE | |
r-release-macos-arm64 | 1.0.2 | 39.00 | NOTE | |||
r-release-windows-x86_64 | 1.0.2 | 8.00 | 75.00 | 83.00 | NOTE | |
r-oldrel-macos-arm64 | 1.0.2 | 38.00 | OK | |||
r-oldrel-macos-x86_64 | 1.0.2 | 56.00 | OK | |||
r-oldrel-windows-x86_64 | 1.0.2 | 11.00 | 86.00 | 97.00 | OK |
Version: 1.0.2
Check: Rd files
Result: NOTE
checkRd: (-1) iex.chart.Rd:23: Lost braces; missing escapes or markup?
23 | r takes only of of the values accepted IN API request. {"5y", "2y", "1y", "ytd", "6m", "3m", "1m", "1d"}
| ^
Flavors: r-devel-linux-x86_64-debian-clang, r-devel-linux-x86_64-debian-gcc, r-devel-linux-x86_64-fedora-clang, r-devel-linux-x86_64-fedora-gcc, r-devel-windows-x86_64, r-patched-linux-x86_64, r-release-linux-x86_64, r-release-macos-arm64, r-release-windows-x86_64