Last updated on 2024-05-21 15:50:37 CEST.
Flavor | Version | Tinstall | Tcheck | Ttotal | Status | Flags |
---|---|---|---|---|---|---|
r-devel-linux-x86_64-debian-clang | 3.1.0 | 49.94 | 175.96 | 225.90 | OK | |
r-devel-linux-x86_64-debian-gcc | 3.1.0 | 32.73 | 130.21 | 162.94 | OK | |
r-devel-linux-x86_64-fedora-clang | 3.1.0 | 321.16 | NOTE | |||
r-devel-linux-x86_64-fedora-gcc | 3.1.0 | 426.00 | OK | |||
r-devel-windows-x86_64 | 3.1.0 | 56.00 | 303.00 | 359.00 | OK | |
r-patched-linux-x86_64 | 3.1.0 | 49.20 | 165.87 | 215.07 | OK | |
r-release-linux-x86_64 | 3.1.0 | 46.15 | 165.84 | 211.99 | NOTE | |
r-release-macos-arm64 | 3.1.0 | 246.00 | OK | |||
r-release-windows-x86_64 | 3.1.0 | 61.00 | 303.00 | 364.00 | OK | |
r-oldrel-macos-arm64 | 3.1.0 | 225.00 | OK | |||
r-oldrel-macos-x86_64 | 3.1.0 | 497.00 | OK | |||
r-oldrel-windows-x86_64 | 3.1.0 | 64.00 | 336.00 | 400.00 | OK |
Version: 3.1.0
Check: Rd cross-references
Result: NOTE
Undeclared packages ‘bridgesampling’, ‘rstan’, ‘extraDistr’ in Rd xrefs
Flavor: r-devel-linux-x86_64-fedora-clang
Version: 3.1.0
Check: package dependencies
Result: NOTE
Package suggested but not available for checking: ‘metaBMA’
Flavor: r-release-linux-x86_64