Last updated on 2024-05-21 15:50:41 CEST.
Flavor | Version | Tinstall | Tcheck | Ttotal | Status | Flags |
---|---|---|---|---|---|---|
r-devel-linux-x86_64-debian-clang | 1.0.5 | 20.98 | 333.05 | 354.03 | OK | |
r-devel-linux-x86_64-debian-gcc | 1.0.5 | 14.63 | 261.59 | 276.22 | OK | |
r-devel-linux-x86_64-fedora-clang | 1.0.5 | 431.65 | NOTE | |||
r-devel-linux-x86_64-fedora-gcc | 1.0.5 | 434.29 | OK | |||
r-devel-windows-x86_64 | 1.0.5 | 15.00 | 154.00 | 169.00 | NOTE | |
r-patched-linux-x86_64 | 1.0.5 | 15.92 | 316.06 | 331.98 | OK | |
r-release-linux-x86_64 | 1.0.5 | 16.64 | 322.67 | 339.31 | OK | |
r-release-macos-arm64 | 1.0.5 | 87.00 | NOTE | |||
r-release-windows-x86_64 | 1.0.5 | 14.00 | 154.00 | 168.00 | NOTE | |
r-oldrel-macos-arm64 | 1.0.5 | 97.00 | NOTE | |||
r-oldrel-macos-x86_64 | 1.0.5 | 164.00 | NOTE | |||
r-oldrel-windows-x86_64 | 1.0.5 | 20.00 | 199.00 | 219.00 | NOTE |
Version: 1.0.5
Check: installed package size
Result: NOTE
installed size is 5.7Mb
sub-directories of 1Mb or more:
doc 5.0Mb
Flavors: r-devel-linux-x86_64-fedora-clang, r-devel-windows-x86_64, r-release-macos-arm64, r-release-windows-x86_64, r-oldrel-macos-arm64, r-oldrel-macos-x86_64, r-oldrel-windows-x86_64