Last updated on 2024-05-21 03:55:33 CEST.
Flavor | Version | Tinstall | Tcheck | Ttotal | Status | Flags |
---|---|---|---|---|---|---|
r-devel-linux-x86_64-debian-clang | 0.12.10 | 16.91 | 155.81 | 172.72 | OK | |
r-devel-linux-x86_64-debian-gcc | 0.12.10 | 14.03 | 114.44 | 128.47 | OK | |
r-devel-linux-x86_64-fedora-clang | 0.12.10 | 225.11 | OK | |||
r-devel-linux-x86_64-fedora-gcc | 0.12.10 | 221.91 | OK | |||
r-devel-windows-x86_64 | 0.12.10 | 17.00 | 124.00 | 141.00 | OK | |
r-patched-linux-x86_64 | 0.12.10 | 23.88 | 146.76 | 170.64 | OK | |
r-release-linux-x86_64 | 0.12.10 | 16.33 | 144.27 | 160.60 | OK | |
r-release-macos-arm64 | 0.12.10 | 59.00 | OK | |||
r-release-macos-x86_64 | 0.12.10 | 112.00 | OK | |||
r-release-windows-x86_64 | 0.12.10 | 17.00 | 121.00 | 138.00 | OK | |
r-oldrel-macos-arm64 | 0.12.10 | 76.00 | NOTE | |||
r-oldrel-macos-x86_64 | 0.12.10 | 91.00 | NOTE | |||
r-oldrel-windows-x86_64 | 0.12.10 | 22.00 | 151.00 | 173.00 | OK |
Version: 0.12.10
Check: package dependencies
Result: NOTE
Packages suggested but not available for checking: 'dearseq', 'GEOquery'
Flavor: r-oldrel-macos-arm64
Version: 0.12.10
Check: Rd cross-references
Result: NOTE
Package unavailable to check Rd xrefs: ‘dearseq’
Flavors: r-oldrel-macos-arm64, r-oldrel-macos-x86_64
Version: 0.12.10
Check: package dependencies
Result: NOTE
Package suggested but not available for checking: ‘dearseq’
Flavor: r-oldrel-macos-x86_64