Last updated on 2024-05-21 15:50:44 CEST.
Flavor | Version | Tinstall | Tcheck | Ttotal | Status | Flags |
---|---|---|---|---|---|---|
r-devel-linux-x86_64-debian-clang | 0.1.6.3 | 125.03 | 67.44 | 192.47 | OK | |
r-devel-linux-x86_64-debian-gcc | 0.1.6.3 | 90.72 | 52.88 | 143.60 | OK | |
r-devel-linux-x86_64-fedora-clang | 0.1.6.3 | 264.43 | OK | |||
r-devel-linux-x86_64-fedora-gcc | 0.1.6.3 | 285.04 | OK | |||
r-devel-windows-x86_64 | 0.1.6.3 | 110.00 | 99.00 | 209.00 | OK | |
r-patched-linux-x86_64 | 0.1.6.3 | 129.68 | 67.23 | 196.91 | OK | |
r-release-linux-x86_64 | 0.1.6.3 | 123.05 | 67.85 | 190.90 | OK | |
r-release-macos-arm64 | 0.1.6.3 | 59.00 | NOTE | |||
r-release-windows-x86_64 | 0.1.6.3 | 112.00 | 100.00 | 212.00 | OK | |
r-oldrel-macos-arm64 | 0.1.6.3 | 77.00 | NOTE | |||
r-oldrel-macos-x86_64 | 0.1.6.3 | 69.00 | NOTE | |||
r-oldrel-windows-x86_64 | 0.1.6.3 | 122.00 | 109.00 | 231.00 | OK |
Version: 0.1.6.3
Check: installed package size
Result: NOTE
installed size is 5.6Mb
sub-directories of 1Mb or more:
libs 5.5Mb
Flavors: r-release-macos-arm64, r-oldrel-macos-arm64, r-oldrel-macos-x86_64