Last updated on 2024-05-21 15:50:44 CEST.
Flavor | Version | Tinstall | Tcheck | Ttotal | Status | Flags |
---|---|---|---|---|---|---|
r-devel-linux-x86_64-debian-clang | 1.4 | 150.79 | 101.52 | 252.31 | OK | |
r-devel-linux-x86_64-debian-gcc | 1.4 | 103.70 | 76.79 | 180.49 | OK | |
r-devel-linux-x86_64-fedora-clang | 1.4 | 365.62 | OK | |||
r-devel-linux-x86_64-fedora-gcc | 1.4 | 368.31 | OK | |||
r-devel-windows-x86_64 | 1.4 | 116.00 | 109.00 | 225.00 | OK | |
r-patched-linux-x86_64 | 1.4 | 140.45 | 98.57 | 239.02 | OK | |
r-release-linux-x86_64 | 1.4 | 142.96 | 98.57 | 241.53 | OK | |
r-release-macos-arm64 | 1.4 | 69.00 | NOTE | |||
r-release-windows-x86_64 | 1.4 | 120.00 | 102.00 | 222.00 | OK | |
r-oldrel-macos-arm64 | 1.4 | 85.00 | NOTE | |||
r-oldrel-macos-x86_64 | 1.4 | 98.00 | NOTE | |||
r-oldrel-windows-x86_64 | 1.4 | 140.00 | 130.00 | 270.00 | OK |
Version: 1.4
Check: installed package size
Result: NOTE
installed size is 5.0Mb
sub-directories of 1Mb or more:
libs 4.3Mb
Flavors: r-release-macos-arm64, r-oldrel-macos-arm64, r-oldrel-macos-x86_64