Last updated on 2024-05-23 16:00:05 CEST.
Flavor | Version | Tinstall | Tcheck | Ttotal | Status | Flags |
---|---|---|---|---|---|---|
r-devel-linux-x86_64-debian-clang | 0.0.1 | 325.90 | 209.35 | 535.25 | NOTE | |
r-devel-linux-x86_64-debian-gcc | 0.0.1 | 282.40 | 174.23 | 456.63 | NOTE | |
r-devel-linux-x86_64-fedora-clang | 0.0.1 | 652.86 | NOTE | |||
r-devel-linux-x86_64-fedora-gcc | 0.0.1 | 833.15 | NOTE | |||
r-devel-windows-x86_64 | 0.0.1 | 247.00 | 188.00 | 435.00 | NOTE | |
r-patched-linux-x86_64 | 0.0.1 | 249.64 | 226.33 | 475.97 | NOTE | |
r-release-linux-x86_64 | 0.0.1 | 275.27 | 222.55 | 497.82 | NOTE | |
r-release-macos-arm64 | 0.0.1 | 161.00 | NOTE | |||
r-release-windows-x86_64 | 0.0.1 | 253.00 | 193.00 | 446.00 | NOTE | |
r-oldrel-macos-arm64 | 0.0.1 | 164.00 | NOTE | |||
r-oldrel-macos-x86_64 | 0.0.1 | 251.00 | NOTE | |||
r-oldrel-windows-x86_64 | 0.0.1 | 314.00 | 233.00 | 547.00 | NOTE |
Version: 0.0.1
Check: for GNU extensions in Makefiles
Result: NOTE
GNU make is a SystemRequirements.
Flavors: r-devel-linux-x86_64-debian-clang, r-devel-linux-x86_64-debian-gcc, r-devel-linux-x86_64-fedora-clang, r-devel-linux-x86_64-fedora-gcc, r-devel-windows-x86_64, r-patched-linux-x86_64, r-release-linux-x86_64, r-release-macos-arm64, r-release-windows-x86_64, r-oldrel-macos-arm64, r-oldrel-macos-x86_64, r-oldrel-windows-x86_64
Version: 0.0.1
Check: dependencies in R code
Result: NOTE
Namespace in Imports field not imported from: ‘rstantools’
All declared Imports should be used.
Flavors: r-devel-linux-x86_64-fedora-clang, r-devel-linux-x86_64-fedora-gcc
Version: 0.0.1
Check: installed package size
Result: NOTE
installed size is 56.0Mb
sub-directories of 1Mb or more:
libs 55.7Mb
Flavors: r-release-macos-arm64, r-oldrel-macos-arm64, r-oldrel-macos-x86_64