Last updated on 2024-05-08 03:52:04 CEST.
Flavor | Version | Tinstall | Tcheck | Ttotal | Status | Flags |
---|---|---|---|---|---|---|
r-devel-linux-x86_64-debian-clang | 0.1.0 | 7.83 | 68.15 | 75.98 | NOTE | |
r-devel-linux-x86_64-debian-gcc | 0.1.0 | 5.56 | 51.87 | 57.43 | NOTE | |
r-devel-linux-x86_64-fedora-clang | 0.1.0 | 95.23 | NOTE | |||
r-devel-linux-x86_64-fedora-gcc | 0.1.0 | 157.32 | NOTE | |||
r-devel-windows-x86_64 | 0.1.0 | 8.00 | 77.00 | 85.00 | NOTE | |
r-patched-linux-x86_64 | 0.1.0 | 6.35 | 63.92 | 70.27 | NOTE | |
r-release-linux-x86_64 | 0.1.0 | 4.29 | 64.10 | 68.39 | NOTE | |
r-release-macos-arm64 | 0.1.0 | 36.00 | NOTE | |||
r-release-windows-x86_64 | 0.1.0 | 9.00 | 75.00 | 84.00 | NOTE | |
r-oldrel-macos-arm64 | 0.1.0 | 36.00 | NOTE | |||
r-oldrel-macos-x86_64 | 0.1.0 | 58.00 | NOTE | |||
r-oldrel-windows-x86_64 | 0.1.0 | 9.00 | 82.00 | 91.00 | NOTE |
Version: 0.1.0
Check: LazyData
Result: NOTE
'LazyData' is specified without a 'data' directory
Flavors: r-devel-linux-x86_64-debian-clang, r-devel-linux-x86_64-debian-gcc, r-devel-linux-x86_64-fedora-clang, r-devel-linux-x86_64-fedora-gcc, r-devel-windows-x86_64, r-patched-linux-x86_64, r-release-linux-x86_64, r-release-macos-arm64, r-release-windows-x86_64, r-oldrel-macos-arm64, r-oldrel-macos-x86_64, r-oldrel-windows-x86_64