Last updated on 2024-05-21 15:50:14 CEST.
Flavor | Version | Tinstall | Tcheck | Ttotal | Status | Flags |
---|---|---|---|---|---|---|
r-devel-linux-x86_64-debian-clang | 0.5.0 | 28.03 | 375.63 | 403.66 | OK | |
r-devel-linux-x86_64-debian-gcc | 0.5.0 | 20.91 | 276.69 | 297.60 | OK | |
r-devel-linux-x86_64-fedora-clang | 0.5.0 | 509.18 | NOTE | |||
r-devel-linux-x86_64-fedora-gcc | 0.5.0 | 506.14 | OK | |||
r-devel-windows-x86_64 | 0.5.0 | 27.00 | 373.00 | 400.00 | OK | |
r-patched-linux-x86_64 | 0.5.0 | 33.39 | 378.71 | 412.10 | OK | |
r-release-linux-x86_64 | 0.5.0 | 20.64 | 377.56 | 398.20 | OK | |
r-release-macos-arm64 | 0.5.0 | 151.00 | OK | |||
r-release-windows-x86_64 | 0.5.0 | 27.00 | 374.00 | 401.00 | OK | |
r-oldrel-macos-arm64 | 0.5.0 | 127.00 | OK | |||
r-oldrel-macos-x86_64 | 0.5.0 | 172.00 | OK | |||
r-oldrel-windows-x86_64 | 0.5.0 | 35.00 | 436.00 | 471.00 | OK |
Version: 0.5.0
Check: Rd cross-references
Result: NOTE
Undeclared package ‘future’ in Rd xrefs
Flavor: r-devel-linux-x86_64-fedora-clang