Last updated on 2024-05-02 15:50:54 CEST.
Flavor | Version | Tinstall | Tcheck | Ttotal | Status | Flags |
---|---|---|---|---|---|---|
r-devel-linux-x86_64-debian-clang | 0.1.5 | 2.42 | 27.18 | 29.60 | OK | |
r-devel-linux-x86_64-debian-gcc | 0.1.5 | 3.03 | 21.45 | 24.48 | OK | |
r-devel-linux-x86_64-fedora-clang | 0.1.5 | 38.67 | NOTE | |||
r-devel-linux-x86_64-fedora-gcc | 0.1.5 | 36.31 | NOTE | |||
r-devel-windows-x86_64 | 0.1.5 | 6.00 | 44.00 | 50.00 | OK | |
r-patched-linux-x86_64 | 0.1.5 | 3.84 | 27.49 | 31.33 | OK | |
r-release-linux-x86_64 | 0.1.5 | 3.89 | 27.30 | 31.19 | OK | |
r-release-macos-arm64 | 0.1.5 | 19.00 | OK | |||
r-release-windows-x86_64 | 0.1.5 | 8.00 | 45.00 | 53.00 | OK | |
r-oldrel-macos-arm64 | 0.1.5 | 18.00 | OK | |||
r-oldrel-macos-x86_64 | 0.1.5 | 42.00 | OK | |||
r-oldrel-windows-x86_64 | 0.1.5 | 6.00 | 47.00 | 53.00 | OK |
Version: 0.1.5
Check: data for non-ASCII characters
Result: NOTE
Note: found 237 marked UTF-8 strings
Flavors: r-devel-linux-x86_64-fedora-clang, r-devel-linux-x86_64-fedora-gcc