Last updated on 2024-05-05 15:53:37 CEST.
Flavor | Version | Tinstall | Tcheck | Ttotal | Status | Flags |
---|---|---|---|---|---|---|
r-devel-linux-x86_64-debian-clang | 0.2.9 | 9.67 | 195.82 | 205.49 | OK | |
r-devel-linux-x86_64-debian-gcc | 0.2.9 | 6.93 | 144.58 | 151.51 | OK | |
r-devel-linux-x86_64-fedora-clang | 0.2.9 | 255.72 | NOTE | |||
r-devel-linux-x86_64-fedora-gcc | 0.2.9 | 268.06 | NOTE | |||
r-devel-windows-x86_64 | 0.2.9 | 10.00 | 149.00 | 159.00 | OK | |
r-patched-linux-x86_64 | 0.2.9 | 10.09 | 187.19 | 197.28 | OK | |
r-release-linux-x86_64 | 0.2.9 | 9.19 | 186.24 | 195.43 | OK | |
r-release-macos-arm64 | 0.2.9 | 104.00 | OK | |||
r-release-macos-x86_64 | 0.2.9 | 175.00 | OK | |||
r-release-windows-x86_64 | 0.2.9 | 10.00 | 158.00 | 168.00 | OK | |
r-oldrel-macos-arm64 | 0.2.9 | 86.00 | OK | |||
r-oldrel-macos-x86_64 | 0.2.9 | 190.00 | OK | |||
r-oldrel-windows-x86_64 | 0.2.9 | 13.00 | 223.00 | 236.00 | OK |
Version: 0.2.9
Check: dependencies in R code
Result: NOTE
Namespace in Imports field not imported from: ‘methods’
All declared Imports should be used.
Flavors: r-devel-linux-x86_64-fedora-clang, r-devel-linux-x86_64-fedora-gcc