Last updated on 2024-05-07 03:59:25 CEST.
Flavor | Version | Tinstall | Tcheck | Ttotal | Status | Flags |
---|---|---|---|---|---|---|
r-devel-linux-x86_64-debian-clang | 3.2.2 | 64.38 | 368.59 | 432.97 | NOTE | |
r-devel-linux-x86_64-debian-gcc | 3.2.2 | 50.19 | 255.82 | 306.01 | OK | |
r-devel-linux-x86_64-fedora-clang | 3.2.2 | 556.37 | NOTE | |||
r-devel-linux-x86_64-fedora-gcc | 3.2.2 | 497.55 | NOTE | |||
r-devel-windows-x86_64 | 3.2.2 | 58.00 | 280.00 | 338.00 | NOTE | |
r-patched-linux-x86_64 | 3.2.2 | 75.83 | 346.11 | 421.94 | OK | |
r-release-linux-x86_64 | 3.2.2 | 53.76 | 350.24 | 404.00 | OK | |
r-release-macos-arm64 | 3.2.2 | 100.00 | NOTE | |||
r-release-macos-x86_64 | 3.2.2 | 301.00 | NOTE | |||
r-release-windows-x86_64 | 3.2.2 | 56.00 | 274.00 | 330.00 | NOTE | |
r-oldrel-macos-arm64 | 3.2.2 | 124.00 | NOTE | |||
r-oldrel-macos-x86_64 | 3.2.2 | 228.00 | NOTE | |||
r-oldrel-windows-x86_64 | 3.2.2 | 69.00 | 354.00 | 423.00 | NOTE |
Version: 3.2.2
Check: package dependencies
Result: NOTE
Packages suggested but not available for checking:
'oligo', 'oligoClasses', 'pdInfoBuilder'
Flavor: r-devel-linux-x86_64-debian-clang
Version: 3.2.2
Check: Rd cross-references
Result: NOTE
Packages unavailable to check Rd xrefs: ‘oligo’, ‘oligoClasses’
Flavor: r-devel-linux-x86_64-debian-clang
Version: 3.2.2
Check: installed package size
Result: NOTE
installed size is 5.9Mb
sub-directories of 1Mb or more:
R 2.3Mb
help 1.2Mb
testScripts 1.3Mb
Flavors: r-devel-linux-x86_64-fedora-clang, r-devel-windows-x86_64, r-release-macos-arm64, r-release-macos-x86_64, r-release-windows-x86_64, r-oldrel-macos-arm64, r-oldrel-macos-x86_64, r-oldrel-windows-x86_64
Version: 3.2.2
Check: package dependencies
Result: NOTE
Packages suggested but not available for checking: 'oligo', 'pdInfoBuilder'
Flavor: r-devel-linux-x86_64-fedora-gcc
Version: 3.2.2
Check: Rd cross-references
Result: NOTE
Package unavailable to check Rd xrefs: ‘oligo’
Flavor: r-devel-linux-x86_64-fedora-gcc
Version: 3.2.2
Check: package dependencies
Result: NOTE
Package suggested but not available for checking: ‘AffymetrixDataTestFiles’
Flavors: r-release-macos-arm64, r-release-macos-x86_64
Version: 3.2.2
Check: package dependencies
Result: NOTE
Packages suggested but not available for checking:
'affxparser', 'oligo', 'oligoClasses', 'pdInfoBuilder',
'AffymetrixDataTestFiles'
Flavors: r-oldrel-macos-arm64, r-oldrel-macos-x86_64
Version: 3.2.2
Check: Rd cross-references
Result: NOTE
Packages unavailable to check Rd xrefs: ‘affxparser’, ‘oligo’, ‘oligoClasses’
Flavors: r-oldrel-macos-arm64, r-oldrel-macos-x86_64