Last updated on 2024-05-02 15:50:55 CEST.
Flavor | Version | Tinstall | Tcheck | Ttotal | Status | Flags |
---|---|---|---|---|---|---|
r-devel-linux-x86_64-debian-clang | 2.0.1 | 16.34 | 153.91 | 170.25 | OK | |
r-devel-linux-x86_64-debian-gcc | 2.0.1 | 14.54 | 112.86 | 127.40 | OK | |
r-devel-linux-x86_64-fedora-clang | 2.0.1 | 214.74 | NOTE | |||
r-devel-linux-x86_64-fedora-gcc | 2.0.1 | 214.11 | NOTE | |||
r-devel-windows-x86_64 | 2.0.1 | 17.00 | 113.00 | 130.00 | OK | |
r-patched-linux-x86_64 | 2.0.1 | 15.84 | 145.49 | 161.33 | OK | |
r-release-linux-x86_64 | 2.0.1 | 18.57 | 143.70 | 162.27 | OK | |
r-release-macos-arm64 | 2.0.1 | 54.00 | OK | |||
r-release-windows-x86_64 | 2.0.1 | 18.00 | 112.00 | 130.00 | OK | |
r-oldrel-macos-arm64 | 2.0.1 | 59.00 | OK | |||
r-oldrel-macos-x86_64 | 2.0.1 | 95.00 | OK | |||
r-oldrel-windows-x86_64 | 2.0.1 | 21.00 | 137.00 | 158.00 | OK |
Version: 2.0.1
Check: data for non-ASCII characters
Result: NOTE
Note: found 1 marked UTF-8 string
Flavors: r-devel-linux-x86_64-fedora-clang, r-devel-linux-x86_64-fedora-gcc