Last updated on 2024-05-21 03:55:11 CEST.
Flavor | Version | Tinstall | Tcheck | Ttotal | Status | Flags |
---|---|---|---|---|---|---|
r-devel-linux-x86_64-debian-clang | 0.0.3 | 492.67 | 192.73 | 685.40 | NOTE | |
r-devel-linux-x86_64-debian-gcc | 0.0.3 | 444.36 | 166.85 | 611.21 | NOTE | |
r-devel-linux-x86_64-fedora-clang | 0.0.3 | 852.02 | NOTE | |||
r-devel-linux-x86_64-fedora-gcc | 0.0.3 | 1106.27 | NOTE | |||
r-devel-windows-x86_64 | 0.0.3 | 376.00 | 199.00 | 575.00 | NOTE | |
r-patched-linux-x86_64 | 0.0.3 | 0.02 | 2.52 | 2.54 | ERROR | |
r-release-linux-x86_64 | 0.0.3 | 0.02 | 2.86 | 2.88 | ERROR | |
r-release-macos-arm64 | 0.0.3 | 200.00 | NOTE | |||
r-release-windows-x86_64 | 0.0.3 | 371.00 | 198.00 | 569.00 | NOTE | |
r-oldrel-macos-arm64 | 0.0.3 | 278.00 | NOTE | |||
r-oldrel-macos-x86_64 | 0.0.3 | 413.00 | NOTE | |||
r-oldrel-windows-x86_64 | 0.0.3 | 463.00 | 238.00 | 701.00 | NOTE |
Version: 0.0.3
Check: for GNU extensions in Makefiles
Result: NOTE
GNU make is a SystemRequirements.
Flavors: r-devel-linux-x86_64-debian-clang, r-devel-linux-x86_64-debian-gcc, r-devel-linux-x86_64-fedora-clang, r-devel-linux-x86_64-fedora-gcc, r-devel-windows-x86_64, r-release-macos-arm64, r-release-windows-x86_64, r-oldrel-macos-arm64, r-oldrel-macos-x86_64, r-oldrel-windows-x86_64
Version: 0.0.3
Check: installed package size
Result: NOTE
installed size is 6.1Mb
sub-directories of 1Mb or more:
data 1.1Mb
libs 4.2Mb
Flavors: r-devel-linux-x86_64-fedora-clang, r-devel-windows-x86_64, r-release-macos-arm64, r-release-windows-x86_64, r-oldrel-macos-arm64, r-oldrel-macos-x86_64, r-oldrel-windows-x86_64
Version: 0.0.3
Check: dependencies in R code
Result: NOTE
Namespaces in Imports field not imported from:
‘RcppParallel’ ‘rstantools’
All declared Imports should be used.
Flavors: r-devel-linux-x86_64-fedora-clang, r-devel-linux-x86_64-fedora-gcc
Version: 0.0.3
Check: Rd cross-references
Result: NOTE
Undeclared package ‘tidyselect’ in Rd xrefs
Flavor: r-devel-linux-x86_64-fedora-clang
Version: 0.0.3
Check: whether package can be installed
Result: ERROR
Installation failed.
Flavors: r-patched-linux-x86_64, r-release-linux-x86_64