Last updated on 2024-05-02 04:00:07 CEST.
Flavor | Version | Tinstall | Tcheck | Ttotal | Status | Flags |
---|---|---|---|---|---|---|
r-devel-linux-x86_64-debian-clang | 7.4-2 | 22.48 | 140.95 | 163.43 | OK | |
r-devel-linux-x86_64-debian-gcc | 7.4-2 | 18.07 | 97.35 | 115.42 | OK | |
r-devel-linux-x86_64-fedora-clang | 7.4-2 | 194.76 | NOTE | |||
r-devel-linux-x86_64-fedora-gcc | 7.4-2 | 185.21 | OK | |||
r-devel-windows-x86_64 | 7.4-2 | 22.00 | 113.00 | 135.00 | OK | |
r-patched-linux-x86_64 | 7.4-2 | 22.02 | 125.68 | 147.70 | OK | |
r-release-linux-x86_64 | 7.4-2 | 20.97 | 129.15 | 150.12 | OK | |
r-release-macos-arm64 | 7.4-2 | 50.00 | NOTE | |||
r-release-windows-x86_64 | 7.4-2 | 22.00 | 113.00 | 135.00 | OK | |
r-oldrel-macos-arm64 | 7.4-2 | 54.00 | NOTE | |||
r-oldrel-macos-x86_64 | 7.4-2 | 117.00 | NOTE | |||
r-oldrel-windows-x86_64 | 7.4-2 | 30.00 | 141.00 | 171.00 | OK |
Version: 7.4-2
Check: installed package size
Result: NOTE
installed size is 5.8Mb
sub-directories of 1Mb or more:
ex-data 4.7Mb
Flavors: r-devel-linux-x86_64-fedora-clang, r-release-macos-arm64, r-oldrel-macos-arm64, r-oldrel-macos-x86_64