Last updated on 2024-05-04 03:50:13 CEST.
Flavor | Version | Tinstall | Tcheck | Ttotal | Status | Flags |
---|---|---|---|---|---|---|
r-devel-linux-x86_64-debian-clang | 0.5.0 | 3.69 | 51.16 | 54.85 | NOTE | |
r-devel-linux-x86_64-fedora-clang | 0.5.0 | 68.34 | NOTE | |||
r-devel-linux-x86_64-fedora-gcc | 0.5.0 | 65.51 | NOTE | |||
r-devel-windows-x86_64 | 0.5.0 | 4.00 | 59.00 | 63.00 | NOTE | |
r-patched-linux-x86_64 | 0.5.0 | 4.77 | 48.79 | 53.56 | NOTE | |
r-release-linux-x86_64 | 0.5.0 | 4.34 | 49.09 | 53.43 | NOTE | |
r-release-macos-arm64 | 0.5.0 | 23.00 | NOTE | |||
r-release-windows-x86_64 | 0.5.0 | 4.00 | 59.00 | 63.00 | NOTE | |
r-oldrel-macos-arm64 | 0.5.0 | 26.00 | OK | |||
r-oldrel-macos-x86_64 | 0.5.0 | 35.00 | OK | |||
r-oldrel-windows-x86_64 | 0.5.0 | 4.00 | 61.00 | 65.00 | OK |
Version: 0.5.0
Check: Rd files
Result: NOTE
checkRd: (-1) goftype1.Rd:4: Lost braces
4 | \description{The goodness-of-fit (GOF) measures consist of Anderson-Darling (\code{AD}) and Cram\'{e}er-von Misses (\code{CVM}) statistics for progressive type-I interval censoring scheme are given, respectively, by
| ^
Flavors: r-devel-linux-x86_64-debian-clang, r-devel-linux-x86_64-fedora-clang, r-devel-linux-x86_64-fedora-gcc, r-devel-windows-x86_64, r-patched-linux-x86_64, r-release-linux-x86_64, r-release-macos-arm64, r-release-windows-x86_64