Last updated on 2024-04-28 02:53:41 CEST.
Flavor | Version | Tinstall | Tcheck | Ttotal | Status | Flags |
---|---|---|---|---|---|---|
r-devel-linux-x86_64-debian-clang | 0.1.0 | 1017.96 | 191.65 | 1209.61 | NOTE | |
r-devel-linux-x86_64-debian-gcc | 0.1.0 | 932.21 | 193.35 | 1125.56 | NOTE | |
r-devel-linux-x86_64-fedora-clang | 0.1.0 | 1440.63 | NOTE | |||
r-devel-linux-x86_64-fedora-gcc | 0.1.0 | 1995.42 | NOTE | |||
r-devel-windows-x86_64 | 0.1.0 | 748.00 | 212.00 | 960.00 | NOTE | |
r-patched-linux-x86_64 | 0.1.0 | 807.47 | 246.18 | 1053.65 | NOTE | |
r-release-linux-x86_64 | 0.1.0 | 1007.18 | 252.76 | 1259.94 | NOTE | |
r-release-macos-arm64 | 0.1.0 | 350.00 | NOTE | |||
r-release-windows-x86_64 | 0.1.0 | 728.00 | 209.00 | 937.00 | NOTE | |
r-oldrel-macos-arm64 | 0.1.0 | 362.00 | NOTE | |||
r-oldrel-macos-x86_64 | 0.1.0 | 548.00 | NOTE | |||
r-oldrel-windows-x86_64 | 0.1.0 | 982.00 | 265.00 | 1247.00 | NOTE |
Version: 0.1.0
Check: for GNU extensions in Makefiles
Result: NOTE
GNU make is a SystemRequirements.
Flavors: r-devel-linux-x86_64-debian-clang, r-devel-linux-x86_64-debian-gcc, r-devel-linux-x86_64-fedora-clang, r-devel-linux-x86_64-fedora-gcc, r-devel-windows-x86_64, r-patched-linux-x86_64, r-release-linux-x86_64, r-release-macos-arm64, r-release-windows-x86_64, r-oldrel-macos-arm64, r-oldrel-macos-x86_64, r-oldrel-windows-x86_64
Version: 0.1.0
Check: installed package size
Result: NOTE
installed size is 8.4Mb
sub-directories of 1Mb or more:
libs 7.8Mb
Flavors: r-devel-linux-x86_64-fedora-clang, r-devel-windows-x86_64, r-release-macos-arm64, r-release-windows-x86_64, r-oldrel-macos-arm64, r-oldrel-macos-x86_64, r-oldrel-windows-x86_64
Version: 0.1.0
Check: dependencies in R code
Result: NOTE
Namespaces in Imports field not imported from:
‘RcppParallel’ ‘rstantools’
All declared Imports should be used.
Flavors: r-devel-linux-x86_64-fedora-clang, r-devel-linux-x86_64-fedora-gcc