Last updated on 2024-05-05 15:53:38 CEST.
Flavor | Version | Tinstall | Tcheck | Ttotal | Status | Flags |
---|---|---|---|---|---|---|
r-devel-linux-x86_64-debian-clang | 0.3.2 | 14.67 | 112.68 | 127.35 | OK | |
r-devel-linux-x86_64-debian-gcc | 0.3.2 | 10.18 | 82.22 | 92.40 | OK | |
r-devel-linux-x86_64-fedora-clang | 0.3.2 | 166.82 | NOTE | |||
r-devel-linux-x86_64-fedora-gcc | 0.3.2 | 153.15 | NOTE | |||
r-devel-windows-x86_64 | 0.3.2 | 12.00 | 95.00 | 107.00 | OK | |
r-patched-linux-x86_64 | 0.3.2 | 14.35 | 104.28 | 118.63 | OK | |
r-release-linux-x86_64 | 0.3.2 | 11.35 | 102.88 | 114.23 | OK | |
r-release-macos-arm64 | 0.3.2 | 47.00 | OK | |||
r-release-windows-x86_64 | 0.3.2 | 12.00 | 95.00 | 107.00 | OK | |
r-oldrel-macos-arm64 | 0.3.2 | 42.00 | OK | |||
r-oldrel-macos-x86_64 | 0.3.2 | 71.00 | OK | |||
r-oldrel-windows-x86_64 | 0.3.2 | 17.00 | 114.00 | 131.00 | OK |
Version: 0.3.2
Check: dependencies in R code
Result: NOTE
Namespace in Imports field not imported from: ‘sna’
All declared Imports should be used.
Flavors: r-devel-linux-x86_64-fedora-clang, r-devel-linux-x86_64-fedora-gcc