Last updated on 2024-05-05 15:53:39 CEST.
Flavor | Version | Tinstall | Tcheck | Ttotal | Status | Flags |
---|---|---|---|---|---|---|
r-devel-linux-x86_64-debian-clang | 2.0 | 7.33 | 75.50 | 82.83 | NOTE | |
r-devel-linux-x86_64-debian-gcc | 2.0 | 7.08 | 56.37 | 63.45 | NOTE | |
r-devel-linux-x86_64-fedora-clang | 2.0 | 102.10 | NOTE | |||
r-devel-linux-x86_64-fedora-gcc | 2.0 | 100.98 | NOTE | |||
r-devel-windows-x86_64 | 2.0 | 7.00 | 69.00 | 76.00 | NOTE | |
r-patched-linux-x86_64 | 2.0 | 8.88 | 70.66 | 79.54 | NOTE | |
r-release-linux-x86_64 | 2.0 | 9.53 | 71.67 | 81.20 | NOTE | |
r-release-macos-arm64 | 2.0 | 31.00 | NOTE | |||
r-release-windows-x86_64 | 2.0 | 7.00 | 69.00 | 76.00 | NOTE | |
r-oldrel-macos-arm64 | 2.0 | 39.00 | NOTE | |||
r-oldrel-macos-x86_64 | 2.0 | 59.00 | NOTE | |||
r-oldrel-windows-x86_64 | 2.0 | 9.00 | 79.00 | 88.00 | NOTE |
Version: 2.0
Check: dependencies in R code
Result: NOTE
Unexported objects imported by ':::' calls:
‘copula:::dCdu’ ‘copula:::fitCopStart’
See the note in ?`:::` about the use of this operator.
Flavors: r-devel-linux-x86_64-debian-clang, r-devel-linux-x86_64-debian-gcc, r-devel-linux-x86_64-fedora-clang, r-devel-linux-x86_64-fedora-gcc, r-devel-windows-x86_64, r-patched-linux-x86_64, r-release-linux-x86_64, r-release-macos-arm64, r-release-windows-x86_64, r-oldrel-macos-arm64, r-oldrel-macos-x86_64, r-oldrel-windows-x86_64