Last updated on 2024-05-02 04:00:09 CEST.
Flavor | Version | Tinstall | Tcheck | Ttotal | Status | Flags |
---|---|---|---|---|---|---|
r-devel-linux-x86_64-debian-clang | 0.8.0 | 7.75 | 58.19 | 65.94 | OK | |
r-devel-linux-x86_64-debian-gcc | 0.8.0 | 6.06 | 43.09 | 49.15 | OK | |
r-devel-linux-x86_64-fedora-clang | 0.8.0 | 82.85 | NOTE | |||
r-devel-linux-x86_64-fedora-gcc | 0.8.0 | 85.45 | NOTE | |||
r-devel-windows-x86_64 | 0.8.0 | 9.00 | 68.00 | 77.00 | OK | |
r-patched-linux-x86_64 | 0.8.0 | 5.37 | 55.75 | 61.12 | OK | |
r-release-linux-x86_64 | 0.8.0 | 7.50 | 55.35 | 62.85 | OK | |
r-release-macos-arm64 | 0.8.0 | 28.00 | OK | |||
r-release-windows-x86_64 | 0.8.0 | 9.00 | 69.00 | 78.00 | OK | |
r-oldrel-macos-arm64 | 0.8.0 | 28.00 | OK | |||
r-oldrel-macos-x86_64 | 0.8.0 | 41.00 | OK | |||
r-oldrel-windows-x86_64 | 0.8.0 | 11.00 | 76.00 | 87.00 | OK |
Version: 0.8.0
Check: dependencies in R code
Result: NOTE
Namespace in Imports field not imported from: ‘gamlss.dist’
All declared Imports should be used.
Flavors: r-devel-linux-x86_64-fedora-clang, r-devel-linux-x86_64-fedora-gcc
Version: 0.8.0
Check: data for non-ASCII characters
Result: NOTE
Note: found 32 marked UTF-8 strings
Flavors: r-devel-linux-x86_64-fedora-clang, r-devel-linux-x86_64-fedora-gcc