Last updated on 2024-05-02 15:50:57 CEST.
Flavor | Version | Tinstall | Tcheck | Ttotal | Status | Flags |
---|---|---|---|---|---|---|
r-devel-linux-x86_64-debian-clang | 0.1.1 | 10.97 | 204.41 | 215.38 | OK | |
r-devel-linux-x86_64-debian-gcc | 0.1.1 | 8.85 | 145.46 | 154.31 | OK | |
r-devel-linux-x86_64-fedora-clang | 0.1.1 | 270.46 | NOTE | |||
r-devel-linux-x86_64-fedora-gcc | 0.1.1 | 294.28 | OK | |||
r-devel-windows-x86_64 | 0.1.1 | 13.00 | 196.00 | 209.00 | NOTE | |
r-patched-linux-x86_64 | 0.1.1 | 11.21 | 190.14 | 201.35 | OK | |
r-release-linux-x86_64 | 0.1.1 | 10.84 | 187.43 | 198.27 | OK | |
r-release-macos-arm64 | 0.1.1 | 172.00 | NOTE | |||
r-release-windows-x86_64 | 0.1.1 | 12.00 | 199.00 | 211.00 | NOTE | |
r-oldrel-macos-arm64 | 0.1.1 | 110.00 | NOTE | |||
r-oldrel-macos-x86_64 | 0.1.1 | 200.00 | NOTE | |||
r-oldrel-windows-x86_64 | 0.1.1 | 14.00 | 236.00 | 250.00 | NOTE |
Version: 0.1.1
Check: installed package size
Result: NOTE
installed size is 7.5Mb
sub-directories of 1Mb or more:
doc 7.3Mb
Flavors: r-devel-linux-x86_64-fedora-clang, r-devel-windows-x86_64, r-release-macos-arm64, r-release-windows-x86_64, r-oldrel-macos-arm64, r-oldrel-macos-x86_64, r-oldrel-windows-x86_64