Last updated on 2024-04-27 15:49:28 CEST.
Flavor | Version | Tinstall | Tcheck | Ttotal | Status | Flags |
---|---|---|---|---|---|---|
r-devel-linux-x86_64-debian-clang | 0.1.3 | 6.26 | 315.94 | 322.20 | NOTE | |
r-devel-linux-x86_64-debian-gcc | 0.1.3 | 6.40 | 228.35 | 234.75 | NOTE | |
r-devel-linux-x86_64-fedora-clang | 0.1.3 | 412.19 | NOTE | |||
r-devel-linux-x86_64-fedora-gcc | 0.1.3 | 431.69 | NOTE | |||
r-devel-windows-x86_64 | 0.1.3 | 9.00 | 222.00 | 231.00 | NOTE | |
r-patched-linux-x86_64 | 0.1.3 | 5.03 | 297.24 | 302.27 | NOTE | |
r-release-linux-x86_64 | 0.1.3 | 9.12 | 290.64 | 299.76 | OK | |
r-release-macos-arm64 | 0.1.3 | 104.00 | NOTE | |||
r-release-windows-x86_64 | 0.1.3 | 8.00 | 227.00 | 235.00 | NOTE | |
r-oldrel-macos-arm64 | 0.1.3 | 120.00 | OK | |||
r-oldrel-macos-x86_64 | 0.1.3 | 269.00 | OK | |||
r-oldrel-windows-x86_64 | 0.1.3 | 10.00 | 285.00 | 295.00 | OK |
Version: 0.1.3
Check: Rd files
Result: NOTE
checkRd: (-1) data_generator.Rd:93: Lost braces; missing escapes or markup?
93 | \item{estimand_mean}{List of means of the FULL, S_{++}, S_{*+} and
| ^
checkRd: (-1) data_generator.Rd:93: Lost braces; missing escapes or markup?
93 | \item{estimand_mean}{List of means of the FULL, S_{++}, S_{*+} and
| ^
checkRd: (-1) data_generator.Rd:95: Lost braces; missing escapes or markup?
95 | \item{estimand_sd}{List of standard deviations of the FULL, S_{++}, S_{*+}
| ^
checkRd: (-1) data_generator.Rd:95: Lost braces; missing escapes or markup?
95 | \item{estimand_sd}{List of standard deviations of the FULL, S_{++}, S_{*+}
| ^
checkRd: (-1) data_generator_loop.Rd:96: Lost braces; missing escapes or markup?
96 | \item{estimand_mean}{List of means of the FULL, S_{++}, S_{*+} and
| ^
checkRd: (-1) data_generator_loop.Rd:96: Lost braces; missing escapes or markup?
96 | \item{estimand_mean}{List of means of the FULL, S_{++}, S_{*+} and
| ^
checkRd: (-1) data_generator_loop.Rd:98: Lost braces; missing escapes or markup?
98 | \item{estimand_sd}{List of standard deviations of the FULL, S_{++},
| ^
checkRd: (-1) data_generator_loop.Rd:99: Lost braces; missing escapes or markup?
99 | S_{*+} and PP estimands}
| ^
Flavors: r-devel-linux-x86_64-debian-clang, r-devel-linux-x86_64-debian-gcc, r-devel-linux-x86_64-fedora-clang, r-devel-linux-x86_64-fedora-gcc, r-devel-windows-x86_64, r-patched-linux-x86_64, r-release-macos-arm64, r-release-windows-x86_64