Last updated on 2024-05-02 04:00:09 CEST.
Flavor | Version | Tinstall | Tcheck | Ttotal | Status | Flags |
---|---|---|---|---|---|---|
r-devel-linux-x86_64-debian-clang | 2.0.0 | 2.76 | 27.10 | 29.86 | NOTE | |
r-devel-linux-x86_64-debian-gcc | 2.0.0 | 3.01 | 20.67 | 23.68 | NOTE | |
r-devel-linux-x86_64-fedora-clang | 2.0.0 | 39.69 | NOTE | |||
r-devel-linux-x86_64-fedora-gcc | 2.0.0 | 41.93 | NOTE | |||
r-devel-windows-x86_64 | 2.0.0 | 4.00 | 32.00 | 36.00 | NOTE | |
r-patched-linux-x86_64 | 2.0.0 | 3.76 | 25.56 | 29.32 | NOTE | |
r-release-linux-x86_64 | 2.0.0 | 3.39 | 26.10 | 29.49 | NOTE | |
r-release-macos-arm64 | 2.0.0 | 15.00 | NOTE | |||
r-release-windows-x86_64 | 2.0.0 | 4.00 | 33.00 | 37.00 | NOTE | |
r-oldrel-macos-arm64 | 2.0.0 | 17.00 | NOTE | |||
r-oldrel-macos-x86_64 | 2.0.0 | 20.00 | NOTE | |||
r-oldrel-windows-x86_64 | 2.0.0 | 5.00 | 35.00 | 40.00 | NOTE |
Version: 2.0.0
Check: LazyData
Result: NOTE
'LazyData' is specified without a 'data' directory
Flavors: r-devel-linux-x86_64-debian-clang, r-devel-linux-x86_64-debian-gcc, r-devel-linux-x86_64-fedora-clang, r-devel-linux-x86_64-fedora-gcc, r-devel-windows-x86_64, r-patched-linux-x86_64, r-release-linux-x86_64, r-release-macos-arm64, r-release-windows-x86_64, r-oldrel-macos-arm64, r-oldrel-macos-x86_64, r-oldrel-windows-x86_64