Last updated on 2024-05-02 04:00:10 CEST.
Flavor | Version | Tinstall | Tcheck | Ttotal | Status | Flags |
---|---|---|---|---|---|---|
r-devel-linux-x86_64-debian-clang | 0.1.4 | 9.54 | 75.14 | 84.68 | NOTE | |
r-devel-linux-x86_64-debian-gcc | 0.1.4 | 7.10 | 56.22 | 63.32 | NOTE | |
r-devel-linux-x86_64-fedora-clang | 0.1.4 | 108.84 | NOTE | |||
r-devel-linux-x86_64-fedora-gcc | 0.1.4 | 118.88 | NOTE | |||
r-devel-windows-x86_64 | 0.1.4 | 9.00 | 74.00 | 83.00 | NOTE | |
r-patched-linux-x86_64 | 0.1.4 | 10.27 | 73.17 | 83.44 | NOTE | |
r-release-linux-x86_64 | 0.1.4 | 9.51 | 73.77 | 83.28 | NOTE | |
r-release-macos-arm64 | 0.1.4 | 33.00 | NOTE | |||
r-release-windows-x86_64 | 0.1.4 | 8.00 | 74.00 | 82.00 | NOTE | |
r-oldrel-macos-arm64 | 0.1.4 | 32.00 | NOTE | |||
r-oldrel-macos-x86_64 | 0.1.4 | 51.00 | NOTE | |||
r-oldrel-windows-x86_64 | 0.1.4 | 11.00 | 85.00 | 96.00 | NOTE |
Version: 0.1.4
Check: LazyData
Result: NOTE
'LazyData' is specified without a 'data' directory
Flavors: r-devel-linux-x86_64-debian-clang, r-devel-linux-x86_64-debian-gcc, r-devel-linux-x86_64-fedora-clang, r-devel-linux-x86_64-fedora-gcc, r-devel-windows-x86_64, r-patched-linux-x86_64, r-release-linux-x86_64, r-release-macos-arm64, r-release-windows-x86_64, r-oldrel-macos-arm64, r-oldrel-macos-x86_64, r-oldrel-windows-x86_64