Last updated on 2024-05-07 15:48:21 CEST.
Flavor | Version | Tinstall | Tcheck | Ttotal | Status | Flags |
---|---|---|---|---|---|---|
r-devel-linux-x86_64-debian-clang | 1.0.6 | 592.95 | 238.14 | 831.09 | NOTE | |
r-devel-linux-x86_64-debian-gcc | 1.0.6 | 581.33 | 208.54 | 789.87 | NOTE | |
r-devel-linux-x86_64-fedora-clang | 1.0.6 | 1036.23 | NOTE | |||
r-devel-linux-x86_64-fedora-gcc | 1.0.6 | 1636.10 | NOTE | |||
r-devel-windows-x86_64 | 1.0.6 | 490.00 | 223.00 | 713.00 | NOTE | |
r-patched-linux-x86_64 | 1.0.6 | 543.60 | 276.13 | 819.73 | NOTE | |
r-release-linux-x86_64 | 1.0.6 | 0.02 | 2.90 | 2.92 | ERROR | |
r-release-macos-arm64 | 1.0.6 | 242.00 | NOTE | |||
r-release-windows-x86_64 | 1.0.6 | 468.00 | 216.00 | 684.00 | NOTE | |
r-oldrel-macos-arm64 | 1.0.6 | 231.00 | NOTE | |||
r-oldrel-macos-x86_64 | 1.0.6 | 290.00 | NOTE | |||
r-oldrel-windows-x86_64 | 1.0.6 | 612.00 | 279.00 | 891.00 | NOTE |
Version: 1.0.6
Check: for GNU extensions in Makefiles
Result: NOTE
GNU make is a SystemRequirements.
Flavors: r-devel-linux-x86_64-debian-clang, r-devel-linux-x86_64-debian-gcc, r-devel-linux-x86_64-fedora-clang, r-devel-linux-x86_64-fedora-gcc, r-devel-windows-x86_64, r-patched-linux-x86_64, r-release-macos-arm64, r-release-windows-x86_64, r-oldrel-macos-arm64, r-oldrel-macos-x86_64, r-oldrel-windows-x86_64
Version: 1.0.6
Check: installed package size
Result: NOTE
installed size is 6.2Mb
sub-directories of 1Mb or more:
libs 4.9Mb
Flavors: r-devel-linux-x86_64-fedora-clang, r-devel-windows-x86_64, r-release-macos-arm64, r-release-windows-x86_64, r-oldrel-macos-arm64, r-oldrel-macos-x86_64, r-oldrel-windows-x86_64
Version: 1.0.6
Check: whether package can be installed
Result: ERROR
Installation failed.
Flavor: r-release-linux-x86_64