Last updated on 2024-05-08 03:52:11 CEST.
Flavor | Version | Tinstall | Tcheck | Ttotal | Status | Flags |
---|---|---|---|---|---|---|
r-devel-linux-x86_64-debian-clang | 0.2.8 | 83.11 | 99.21 | 182.32 | NOTE | |
r-devel-linux-x86_64-debian-gcc | 0.2.8 | 69.04 | 72.79 | 141.83 | NOTE | |
r-devel-linux-x86_64-fedora-clang | 0.2.8 | 261.31 | NOTE | |||
r-devel-linux-x86_64-fedora-gcc | 0.2.8 | 326.10 | NOTE | |||
r-devel-windows-x86_64 | 0.2.8 | 81.00 | 133.00 | 214.00 | NOTE | |
r-patched-linux-x86_64 | 0.2.8 | 80.56 | 91.51 | 172.07 | NOTE | |
r-release-linux-x86_64 | 0.2.8 | 89.90 | 91.13 | 181.03 | NOTE | |
r-release-macos-arm64 | 0.2.8 | 68.00 | NOTE | |||
r-release-windows-x86_64 | 0.2.8 | 82.00 | 130.00 | 212.00 | NOTE | |
r-oldrel-macos-arm64 | 0.2.8 | 66.00 | OK | |||
r-oldrel-macos-x86_64 | 0.2.8 | 123.00 | OK | |||
r-oldrel-windows-x86_64 | 0.2.8 | 94.00 | 151.00 | 245.00 | OK |
Version: 0.2.8
Check: Rd files
Result: NOTE
checkRd: (-1) restart_session.Rd:11: Lost braces
11 | 'RStudio', use \code{startup}{restart} instead.
| ^
Flavors: r-devel-linux-x86_64-debian-clang, r-devel-linux-x86_64-debian-gcc, r-devel-linux-x86_64-fedora-clang, r-devel-linux-x86_64-fedora-gcc, r-devel-windows-x86_64, r-patched-linux-x86_64, r-release-linux-x86_64, r-release-macos-arm64, r-release-windows-x86_64