Last updated on 2024-05-04 15:47:56 CEST.
Flavor | Version | Tinstall | Tcheck | Ttotal | Status | Flags |
---|---|---|---|---|---|---|
r-devel-linux-x86_64-debian-clang | 0.2.0 | 123.92 | 54.16 | 178.08 | NOTE | |
r-devel-linux-x86_64-debian-gcc | 0.2.0 | 94.93 | 39.49 | 134.42 | NOTE | |
r-devel-linux-x86_64-fedora-clang | 0.2.0 | 284.19 | NOTE | |||
r-devel-linux-x86_64-fedora-gcc | 0.2.0 | 273.15 | NOTE | |||
r-devel-windows-x86_64 | 0.2.0 | 93.00 | 86.00 | 179.00 | NOTE | |
r-patched-linux-x86_64 | 0.2.0 | 119.96 | 53.02 | 172.98 | NOTE | |
r-release-linux-x86_64 | 0.2.0 | 118.61 | 54.15 | 172.76 | NOTE | |
r-release-macos-arm64 | 0.2.0 | 56.00 | NOTE | |||
r-release-windows-x86_64 | 0.2.0 | 89.00 | 81.00 | 170.00 | NOTE | |
r-oldrel-macos-arm64 | 0.2.0 | 67.00 | NOTE | |||
r-oldrel-macos-x86_64 | 0.2.0 | 116.00 | NOTE | |||
r-oldrel-windows-x86_64 | 0.2.0 | 95.00 | 98.00 | 193.00 | NOTE |
Version: 0.2.0
Check: C++ specification
Result: NOTE
Specified C++11: please drop specification unless essential
Flavors: r-devel-linux-x86_64-debian-clang, r-devel-linux-x86_64-debian-gcc, r-devel-linux-x86_64-fedora-clang, r-devel-linux-x86_64-fedora-gcc, r-devel-windows-x86_64, r-patched-linux-x86_64, r-release-linux-x86_64, r-release-macos-arm64, r-release-windows-x86_64, r-oldrel-macos-arm64, r-oldrel-macos-x86_64, r-oldrel-windows-x86_64
Version: 0.2.0
Check: installed package size
Result: NOTE
installed size is 5.2Mb
sub-directories of 1Mb or more:
data 4.8Mb
Flavors: r-devel-linux-x86_64-fedora-clang, r-devel-windows-x86_64, r-release-macos-arm64, r-release-windows-x86_64, r-oldrel-macos-arm64, r-oldrel-macos-x86_64, r-oldrel-windows-x86_64
Version: 0.2.0
Check: data for non-ASCII characters
Result: NOTE
Note: found 9796 marked UTF-8 strings
Flavors: r-devel-linux-x86_64-fedora-clang, r-devel-linux-x86_64-fedora-gcc