Last updated on 2024-05-07 15:48:24 CEST.
Flavor | Version | Tinstall | Tcheck | Ttotal | Status | Flags |
---|---|---|---|---|---|---|
r-devel-linux-x86_64-debian-clang | 1.2-16 | 19.12 | 66.88 | 86.00 | NOTE | |
r-devel-linux-x86_64-debian-gcc | 1.2-16 | 12.42 | 47.70 | 60.12 | NOTE | |
r-devel-linux-x86_64-fedora-clang | 1.2-16 | 105.87 | NOTE | |||
r-devel-linux-x86_64-fedora-gcc | 1.2-16 | 122.04 | NOTE | |||
r-devel-windows-x86_64 | 1.2-16 | 19.00 | 84.00 | 103.00 | NOTE | |
r-patched-linux-x86_64 | 1.2-16 | 16.38 | 63.73 | 80.11 | NOTE | |
r-release-linux-x86_64 | 1.2-16 | 14.89 | 64.28 | 79.17 | NOTE | |
r-release-macos-arm64 | 1.2-16 | 31.00 | NOTE | |||
r-release-windows-x86_64 | 1.2-16 | 19.00 | 81.00 | 100.00 | NOTE | |
r-oldrel-macos-arm64 | 1.2-16 | 34.00 | OK | |||
r-oldrel-macos-x86_64 | 1.2-16 | 85.00 | OK | |||
r-oldrel-windows-x86_64 | 1.2-16 | 17.00 | 92.00 | 109.00 | OK |
Version: 1.2-16
Check: Rd files
Result: NOTE
checkRd: (-1) predict.dynaTree.Rd:107: Lost braces
107 | For \code{coef} a new \R{XXc} field is created so as not to trample
| ^
Flavors: r-devel-linux-x86_64-debian-clang, r-devel-linux-x86_64-debian-gcc, r-devel-linux-x86_64-fedora-clang, r-devel-linux-x86_64-fedora-gcc, r-devel-windows-x86_64, r-patched-linux-x86_64, r-release-linux-x86_64, r-release-macos-arm64, r-release-windows-x86_64