Last updated on 2024-05-07 15:48:24 CEST.
Flavor | Version | Tinstall | Tcheck | Ttotal | Status | Flags |
---|---|---|---|---|---|---|
r-devel-linux-x86_64-debian-clang | 1.1.1 | 30.02 | 274.71 | 304.73 | OK | |
r-devel-linux-x86_64-debian-gcc | 1.1.1 | 22.67 | 204.12 | 226.79 | OK | |
r-devel-linux-x86_64-fedora-clang | 1.1.1 | 415.46 | OK | |||
r-devel-linux-x86_64-fedora-gcc | 1.1.1 | 527.92 | OK | |||
r-devel-windows-x86_64 | 1.1.1 | 25.00 | 187.00 | 212.00 | OK | |
r-patched-linux-x86_64 | 1.1.1 | 40.26 | 267.20 | 307.46 | OK | |
r-release-linux-x86_64 | 1.1.1 | 0.31 | 2.25 | 2.56 | ERROR | |
r-release-macos-arm64 | 1.1.1 | 89.00 | OK | |||
r-release-windows-x86_64 | 1.1.1 | 25.00 | 187.00 | 212.00 | OK | |
r-oldrel-macos-arm64 | 1.1.1 | 89.00 | OK | |||
r-oldrel-macos-x86_64 | 1.1.1 | 204.00 | OK | |||
r-oldrel-windows-x86_64 | 1.1.1 | 24.00 | 229.00 | 253.00 | OK |
Version: 1.1.1
Check: package dependencies
Result: ERROR
Package required but not available: ‘rstanarm’
See section ‘The DESCRIPTION file’ in the ‘Writing R Extensions’
manual.
Flavor: r-release-linux-x86_64