Last updated on 2024-05-02 15:50:59 CEST.
Flavor | Version | Tinstall | Tcheck | Ttotal | Status | Flags |
---|---|---|---|---|---|---|
r-devel-linux-x86_64-debian-clang | 0.1.2 | 18.50 | 194.41 | 212.91 | OK | |
r-devel-linux-x86_64-debian-gcc | 0.1.2 | 16.71 | 129.62 | 146.33 | OK | |
r-devel-linux-x86_64-fedora-clang | 0.1.2 | 277.37 | NOTE | |||
r-devel-linux-x86_64-fedora-gcc | 0.1.2 | 261.32 | NOTE | |||
r-devel-windows-x86_64 | 0.1.2 | 17.00 | 169.00 | 186.00 | OK | |
r-patched-linux-x86_64 | 0.1.2 | 20.11 | 187.50 | 207.61 | OK | |
r-release-linux-x86_64 | 0.1.2 | 23.05 | 185.10 | 208.15 | OK | |
r-release-macos-arm64 | 0.1.2 | 64.00 | OK | |||
r-release-windows-x86_64 | 0.1.2 | 18.00 | 169.00 | 187.00 | OK | |
r-oldrel-macos-arm64 | 0.1.2 | 71.00 | OK | |||
r-oldrel-macos-x86_64 | 0.1.2 | 177.00 | OK | |||
r-oldrel-windows-x86_64 | 0.1.2 | 16.00 | 210.00 | 226.00 | OK |
Version: 0.1.2
Check: dependencies in R code
Result: NOTE
Namespace in Imports field not imported from: ‘mathjaxr’
All declared Imports should be used.
Flavors: r-devel-linux-x86_64-fedora-clang, r-devel-linux-x86_64-fedora-gcc