Last updated on 2024-05-02 04:00:18 CEST.
Flavor | Version | Tinstall | Tcheck | Ttotal | Status | Flags |
---|---|---|---|---|---|---|
r-devel-linux-x86_64-debian-clang | 4023.84 | 35.01 | 192.00 | 227.01 | NOTE | |
r-devel-linux-x86_64-debian-gcc | 4023.84 | 19.75 | 136.19 | 155.94 | NOTE | |
r-devel-linux-x86_64-fedora-clang | 4023.84 | 270.21 | NOTE | |||
r-devel-linux-x86_64-fedora-gcc | 4023.84 | 251.78 | NOTE | |||
r-devel-windows-x86_64 | 4023.84 | 25.00 | 134.00 | 159.00 | OK | |
r-patched-linux-x86_64 | 4023.84 | 31.47 | 179.10 | 210.57 | NOTE | |
r-release-linux-x86_64 | 4023.84 | 25.89 | 178.25 | 204.14 | NOTE | |
r-release-macos-arm64 | 4023.84 | 63.00 | NOTE | |||
r-release-windows-x86_64 | 4023.84 | 25.00 | 134.00 | 159.00 | OK | |
r-oldrel-macos-arm64 | 4023.84 | 65.00 | OK | |||
r-oldrel-macos-x86_64 | 4023.84 | 149.00 | OK | |||
r-oldrel-windows-x86_64 | 4023.84 | 31.00 | 171.00 | 202.00 | OK |
Version: 4023.84
Check: package dependencies
Result: NOTE
Package suggested but not available for checking: ‘bcp’
Flavors: r-devel-linux-x86_64-debian-clang, r-devel-linux-x86_64-debian-gcc, r-devel-linux-x86_64-fedora-clang, r-devel-linux-x86_64-fedora-gcc, r-patched-linux-x86_64, r-release-linux-x86_64, r-release-macos-arm64