Last updated on 2024-05-02 15:51:00 CEST.
Flavor | Version | Tinstall | Tcheck | Ttotal | Status | Flags |
---|---|---|---|---|---|---|
r-devel-linux-x86_64-debian-clang | 1.1 | 3.49 | 34.63 | 38.12 | NOTE | |
r-devel-linux-x86_64-debian-gcc | 1.1 | 2.57 | 25.81 | 28.38 | NOTE | |
r-devel-linux-x86_64-fedora-clang | 1.1 | 48.46 | NOTE | |||
r-devel-linux-x86_64-fedora-gcc | 1.1 | 62.90 | NOTE | |||
r-devel-windows-x86_64 | 1.1 | 4.00 | 52.00 | 56.00 | OK | |
r-patched-linux-x86_64 | 1.1 | 3.02 | 33.07 | 36.09 | NOTE | |
r-release-linux-x86_64 | 1.1 | 3.08 | 33.47 | 36.55 | NOTE | |
r-release-macos-arm64 | 1.1 | 24.00 | OK | |||
r-release-windows-x86_64 | 1.1 | 4.00 | 52.00 | 56.00 | OK | |
r-oldrel-macos-arm64 | 1.1 | 26.00 | OK | |||
r-oldrel-macos-x86_64 | 1.1 | 38.00 | OK | |||
r-oldrel-windows-x86_64 | 1.1 | 4.00 | 73.00 | 77.00 | OK |
Version: 1.1
Check: for non-standard things in the check directory
Result: NOTE
Found the following files/directories:
‘treesAll.txt’
Flavors: r-devel-linux-x86_64-debian-clang, r-devel-linux-x86_64-debian-gcc, r-devel-linux-x86_64-fedora-clang, r-devel-linux-x86_64-fedora-gcc, r-patched-linux-x86_64, r-release-linux-x86_64